Last updated on 2025-02-19 09:51:02 CET.
Flavor | Version | Tinstall | Tcheck | Ttotal | Status | Flags |
---|---|---|---|---|---|---|
r-devel-linux-x86_64-debian-clang | 1.3-8 | 32.06 | 320.41 | 352.47 | OK | |
r-devel-linux-x86_64-debian-gcc | 1.3-8 | 18.69 | 199.62 | 218.31 | OK | |
r-devel-linux-x86_64-fedora-clang | 1.3-8 | 553.69 | OK | |||
r-devel-linux-x86_64-fedora-gcc | 1.3-8 | 555.49 | OK | |||
r-devel-macos-arm64 | 1.3-8 | 126.00 | OK | |||
r-devel-macos-x86_64 | 1.3-8 | 345.00 | OK | |||
r-devel-windows-x86_64 | 1.3-8 | 28.00 | 286.00 | 314.00 | OK | |
r-patched-linux-x86_64 | 1.3-8 | 29.06 | 295.85 | 324.91 | OK | |
r-release-linux-x86_64 | 1.3-8 | 29.61 | 295.88 | 325.49 | OK | |
r-release-macos-arm64 | 1.3-8 | 124.00 | NOTE | |||
r-release-macos-x86_64 | 1.3-8 | 213.00 | NOTE | |||
r-release-windows-x86_64 | 1.3-8 | 27.00 | 282.00 | 309.00 | NOTE | |
r-oldrel-macos-arm64 | 1.3-8 | 151.00 | NOTE | |||
r-oldrel-macos-x86_64 | 1.3-8 | 414.00 | NOTE | |||
r-oldrel-windows-x86_64 | 1.3-8 | 37.00 | 351.00 | 388.00 | NOTE |
Version: 1.3-8
Check: installed package size
Result: NOTE
installed size is 6.3Mb
sub-directories of 1Mb or more:
data 2.1Mb
doc 3.9Mb
Flavors: r-release-macos-arm64, r-release-macos-x86_64, r-release-windows-x86_64, r-oldrel-macos-arm64, r-oldrel-macos-x86_64, r-oldrel-windows-x86_64