Last updated on 2025-02-19 09:51:02 CET.
Flavor | Version | Tinstall | Tcheck | Ttotal | Status | Flags |
---|---|---|---|---|---|---|
r-devel-linux-x86_64-debian-clang | 1.0.6 | 8.78 | 129.85 | 138.63 | OK | |
r-devel-linux-x86_64-debian-gcc | 1.0.6 | 5.56 | 89.11 | 94.67 | OK | |
r-devel-linux-x86_64-fedora-clang | 1.0.6 | 197.17 | OK | |||
r-devel-linux-x86_64-fedora-gcc | 1.0.6 | 216.86 | OK | |||
r-devel-macos-arm64 | 1.0.6 | 106.00 | OK | |||
r-devel-macos-x86_64 | 1.0.6 | 156.00 | OK | |||
r-devel-windows-x86_64 | 1.0.6 | 10.00 | 162.00 | 172.00 | OK | |
r-patched-linux-x86_64 | 1.0.6 | 6.84 | 120.95 | 127.79 | OK | |
r-release-linux-x86_64 | 1.0.6 | 8.22 | 121.93 | 130.15 | OK | |
r-release-macos-arm64 | 1.0.6 | 111.00 | OK | |||
r-release-macos-x86_64 | 1.0.6 | 181.00 | OK | |||
r-release-windows-x86_64 | 1.0.6 | 10.00 | 147.00 | 157.00 | OK | |
r-oldrel-macos-arm64 | 1.0.2 | 120.00 | NOTE | |||
r-oldrel-macos-x86_64 | 1.0.6 | 174.00 | OK | |||
r-oldrel-windows-x86_64 | 1.0.6 | 12.00 | 194.00 | 206.00 | OK |
Version: 1.0.2
Check: package dependencies
Result: NOTE
Packages suggested but not available for checking:
'BiocPkgTools', 'biocViews'
Flavor: r-oldrel-macos-arm64
Version: 1.0.2
Check: Rd cross-references
Result: NOTE
Packages unavailable to check Rd xrefs: ‘BiocPkgTools’, ‘biocViews’
Flavor: r-oldrel-macos-arm64