CRAN Package Check Results for Package rutifier

Last updated on 2025-02-19 09:51:02 CET.

Flavor Version Tinstall Tcheck Ttotal Status Flags
r-devel-linux-x86_64-debian-clang 1.0.4 1.71 17.44 19.15 OK
r-devel-linux-x86_64-debian-gcc 1.0.4 1.32 14.46 15.78 OK
r-devel-linux-x86_64-fedora-clang 1.0.4 30.66 OK
r-devel-linux-x86_64-fedora-gcc 1.0.4 29.61 OK
r-devel-macos-arm64 1.0.4 16.00 OK
r-devel-macos-x86_64 1.0.4 23.00 OK
r-devel-windows-x86_64 1.0.4 3.00 43.00 46.00 OK
r-patched-linux-x86_64 1.0.4 1.55 16.95 18.50 NOTE
r-release-linux-x86_64 1.0.4 1.54 16.70 18.24 NOTE
r-release-macos-arm64 1.0.4 16.00 NOTE
r-release-macos-x86_64 1.0.4 28.00 NOTE
r-release-windows-x86_64 1.0.4 3.00 43.00 46.00 NOTE
r-oldrel-macos-arm64 1.0.4 17.00 NOTE
r-oldrel-macos-x86_64 1.0.4 20.00 NOTE
r-oldrel-windows-x86_64 1.0.4 3.00 37.00 40.00 NOTE

Check Details

Version: 1.0.4
Check: LazyData
Result: NOTE 'LazyData' is specified without a 'data' directory Flavors: r-patched-linux-x86_64, r-release-linux-x86_64, r-release-macos-arm64, r-release-macos-x86_64, r-release-windows-x86_64, r-oldrel-macos-arm64, r-oldrel-macos-x86_64, r-oldrel-windows-x86_64