Last updated on 2025-02-16 09:50:52 CET.
Flavor | Version | Tinstall | Tcheck | Ttotal | Status | Flags |
---|---|---|---|---|---|---|
r-devel-linux-x86_64-debian-clang | 0.4.4 | 52.33 | 38.62 | 90.95 | OK | |
r-devel-linux-x86_64-debian-gcc | 0.4.4 | 31.26 | 29.26 | 60.52 | OK | |
r-devel-linux-x86_64-fedora-clang | 0.4.4 | 141.66 | OK | |||
r-devel-linux-x86_64-fedora-gcc | 0.4.4 | 165.97 | OK | |||
r-devel-macos-arm64 | 0.4.4 | 55.00 | OK | |||
r-devel-macos-x86_64 | 0.4.4 | 78.00 | OK | |||
r-devel-windows-x86_64 | 0.4.4 | 40.00 | 86.00 | 126.00 | OK | |
r-patched-linux-x86_64 | 0.4.4 | 38.52 | 36.48 | 75.00 | OK | |
r-release-linux-x86_64 | 0.4.4 | 37.66 | 36.52 | 74.18 | OK | |
r-release-macos-arm64 | 0.4.4 | 60.00 | NOTE | |||
r-release-macos-x86_64 | 0.4.4 | 75.00 | OK | |||
r-release-windows-x86_64 | 0.4.4 | 41.00 | 88.00 | 129.00 | OK | |
r-oldrel-macos-arm64 | 0.4.4 | 51.00 | OK | |||
r-oldrel-macos-x86_64 | 0.4.4 | 146.00 | OK | |||
r-oldrel-windows-x86_64 | 0.4.4 | 42.00 | 123.00 | 165.00 | OK |
Version: 0.4.4
Check: installed package size
Result: NOTE
installed size is 6.3Mb
sub-directories of 1Mb or more:
libs 5.2Mb
Flavor: r-release-macos-arm64