Last updated on 2025-02-16 09:50:52 CET.
Flavor | Version | Tinstall | Tcheck | Ttotal | Status | Flags |
---|---|---|---|---|---|---|
r-devel-linux-x86_64-debian-clang | 1.1-14 | 36.81 | 248.45 | 285.26 | NOTE | |
r-devel-linux-x86_64-debian-gcc | 1.1-14 | 23.34 | 156.10 | 179.44 | NOTE | |
r-devel-linux-x86_64-fedora-clang | 1.1-14 | 471.34 | NOTE | |||
r-devel-linux-x86_64-fedora-gcc | 1.1-14 | 450.42 | NOTE | |||
r-devel-macos-arm64 | 1.1-14 | 103.00 | NOTE | |||
r-devel-macos-x86_64 | 1.1-14 | 265.00 | NOTE | |||
r-devel-windows-x86_64 | 1.1-14 | 35.00 | 193.00 | 228.00 | NOTE | |
r-patched-linux-x86_64 | 1.1-14 | 33.15 | 232.70 | 265.85 | NOTE | |
r-release-linux-x86_64 | 1.1-14 | 38.05 | 234.74 | 272.79 | NOTE | |
r-release-macos-arm64 | 1.1-14 | 99.00 | NOTE | |||
r-release-macos-x86_64 | 1.1-14 | 159.00 | NOTE | |||
r-release-windows-x86_64 | 1.1-14 | 35.00 | 191.00 | 226.00 | NOTE | |
r-oldrel-macos-arm64 | 1.1-14 | 106.00 | OK | |||
r-oldrel-macos-x86_64 | 1.1-14 | 306.00 | OK | |||
r-oldrel-windows-x86_64 | 1.1-14 | 48.00 | 263.00 | 311.00 | OK |
Version: 1.1-14
Check: Rd files
Result: NOTE
checkRd: (-1) rts.Rd:32: Lost braces
32 | If a name of a raster time series file is provided for the \code{x} argument, it acts the same as code{\link[rts]{read.rts}}.
| ^
Flavors: r-devel-linux-x86_64-debian-clang, r-devel-linux-x86_64-debian-gcc, r-devel-linux-x86_64-fedora-clang, r-devel-linux-x86_64-fedora-gcc, r-devel-macos-arm64, r-devel-macos-x86_64, r-devel-windows-x86_64, r-patched-linux-x86_64, r-release-linux-x86_64, r-release-macos-arm64, r-release-macos-x86_64, r-release-windows-x86_64