CRAN Package Check Results for Package rtodoist

Last updated on 2025-02-16 09:50:52 CET.

Flavor Version Tinstall Tcheck Ttotal Status Flags
r-devel-linux-x86_64-debian-clang 0.1.0 4.17 37.98 42.15 OK
r-devel-linux-x86_64-debian-gcc 0.1.0 3.07 27.65 30.72 OK
r-devel-linux-x86_64-fedora-clang 0.1.0 68.74 OK
r-devel-linux-x86_64-fedora-gcc 0.1.0 77.06 OK
r-devel-macos-arm64 0.1.0 31.00 OK
r-devel-macos-x86_64 0.1.0 57.00 OK
r-devel-windows-x86_64 0.1.0 6.00 71.00 77.00 OK
r-patched-linux-x86_64 0.1.0 3.68 35.47 39.15 NOTE
r-release-linux-x86_64 0.1.0 4.23 35.59 39.82 NOTE
r-release-macos-arm64 0.1.0 30.00 NOTE
r-release-macos-x86_64 0.1.0 43.00 NOTE
r-release-windows-x86_64 0.1.0 7.00 66.00 73.00 NOTE
r-oldrel-macos-arm64 0.1.0 32.00 NOTE
r-oldrel-macos-x86_64 0.1.0 45.00 NOTE
r-oldrel-windows-x86_64 0.1.0 7.00 66.00 73.00 NOTE

Check Details

Version: 0.1.0
Check: LazyData
Result: NOTE 'LazyData' is specified without a 'data' directory Flavors: r-patched-linux-x86_64, r-release-linux-x86_64, r-release-macos-arm64, r-release-macos-x86_64, r-release-windows-x86_64, r-oldrel-macos-arm64, r-oldrel-macos-x86_64, r-oldrel-windows-x86_64