Last updated on 2025-10-27 08:50:05 CET.
| Flavor | Version | Tinstall | Tcheck | Ttotal | Status | Flags | 
|---|---|---|---|---|---|---|
| r-devel-linux-x86_64-debian-clang | 0.0.13 | 34.22 | 140.17 | 174.39 | NOTE | --no-tests | 
| r-devel-linux-x86_64-debian-gcc | 0.0.13 | 20.42 | 99.30 | 119.72 | NOTE | --no-tests | 
| r-devel-linux-x86_64-fedora-clang | 0.0.13 | 72.00 | 207.01 | 279.01 | OK | --no-tests | 
| r-devel-linux-x86_64-fedora-gcc | 0.0.13 | 190.00 | 113.23 | 303.23 | OK | --no-tests | 
| r-devel-windows-x86_64 | 0.0.13 | 29.00 | 99.00 | 128.00 | OK | --no-examples --no-tests --no-vignettes | 
| r-patched-linux-x86_64 | 0.0.13 | 32.35 | 135.12 | 167.47 | OK | --no-tests | 
| r-release-linux-x86_64 | 0.0.13 | 32.27 | 136.85 | 169.12 | OK | --no-tests | 
| r-release-macos-arm64 | 0.0.13 | 14.00 | 128.00 | 142.00 | ERROR | |
| r-release-macos-x86_64 | 0.0.13 | 51.00 | 274.00 | 325.00 | ERROR | |
| r-release-windows-x86_64 | 0.0.13 | 31.00 | 102.00 | 133.00 | OK | --no-examples --no-tests --no-vignettes | 
| r-oldrel-macos-arm64 | 0.0.13 | 13.00 | 105.00 | 118.00 | OK | |
| r-oldrel-macos-x86_64 | 0.0.13 | 48.00 | 1755.00 | 1803.00 | ERROR | |
| r-oldrel-windows-x86_64 | 0.0.13 | 45.00 | 93.00 | 138.00 | OK | --no-examples --no-tests --no-vignettes | 
Version: 0.0.13
Flags: --no-tests
Check: CRAN incoming feasibility
Result: NOTE
  Maintainer: ‘Michael Lawrence <michafla@gene.com>’
  
  No Authors@R field in DESCRIPTION.
  Please add one, modifying
    Authors@R: c(person(given = "Michael",
                        family = "Lawrence",
                        role = c("aut", "cre"),
                        email = "michafla@gene.com"),
                 person(given = "Gabe",
                        family = "Becker",
                        role = "aut"),
                 person(given = "Jan",
                        family = "Vogel",
                        role = "aut"))
  as necessary.
Flavors: r-devel-linux-x86_64-debian-clang, r-devel-linux-x86_64-debian-gcc
Version: 0.0.13
Check: tests
Result: ERROR
    Running ‘rsolr_unit_tests.R’ [7s/25s]
  Running the tests in ‘tests/rsolr_unit_tests.R’ failed.
  Complete output:
    > rsolr:::.test()
    Starting Solr...
    Use options(verbose=TRUE) to diagnose any problems.
    WARNING: An illegal reflective access operation has occurred
    WARNING: Illegal reflective access by org.xnio.nio.NioXnio$2 (file:/Users/pkgbuild/Library/Application%20Support/org.R-project.R/R/rsolr/solr-undertow-1.6.0-with-solr-5.5.0/lib/xnio-nio-3.3.4.Final.jar) to constructor sun.nio.ch.KQueueSelectorProvider()
    WARNING: Please consider reporting this to the maintainers of org.xnio.nio.NioXnio$2
    WARNING: Use --illegal-access=warn to enable warnings of further illegal reflective access operations
    WARNING: All illegal access operations will be denied in a future release
    Solr started at: http://localhost:8983/solr/techproducts
    
    Attaching package: 'generics'
    
    The following objects are masked from 'package:base':
    
        as.difftime, as.factor, as.ordered, intersect, is.element, setdiff,
        setequal, union
    
    
    Attaching package: 'BiocGenerics'
    
    The following objects are masked from 'package:stats':
    
        IQR, mad, sd, var, xtabs
    
    The following objects are masked from 'package:base':
    
        Filter, Find, Map, Position, Reduce, anyDuplicated, aperm, append,
        as.data.frame, basename, cbind, colnames, dirname, do.call,
        duplicated, eval, evalq, get, grep, grepl, is.unsorted, lapply,
        mapply, match, mget, order, paste, pmax, pmax.int, pmin, pmin.int,
        rank, rbind, rownames, sapply, saveRDS, table, tapply, unique,
        unsplit, which.max, which.min
    
    
    Attaching package: 'rsolr'
    
    The following object is masked from 'package:stats':
    
        ftable
    
    The following object is masked from 'package:base':
    
        grouping
    
    Timing stopped at: 2.19 0.063 3.235
    Error in checkIdentical(as.table(fct), toTable(tab)) : FALSE 
     
    In addition: There were 38 warnings (use warnings() to see them)
    Starting Solr...
    Use options(verbose=TRUE) to diagnose any problems.
    WARNING: An illegal reflective access operation has occurred
    WARNING: Illegal reflective access by org.xnio.nio.NioXnio$2 (file:/Users/pkgbuild/Library/Application%20Support/org.R-project.R/R/rsolr/solr-undertow-1.6.0-with-solr-5.5.0/lib/xnio-nio-3.3.4.Final.jar) to constructor sun.nio.ch.KQueueSelectorProvider()
    WARNING: Please consider reporting this to the maintainers of org.xnio.nio.NioXnio$2
    WARNING: Use --illegal-access=warn to enable warnings of further illegal reflective access operations
    WARNING: All illegal access operations will be denied in a future release
    Solr started at: http://localhost:8983/solr/Cars93
    Starting Solr...
    Use options(verbose=TRUE) to diagnose any problems.
    WARNING: An illegal reflective access operation has occurred
    WARNING: Illegal reflective access by org.xnio.nio.NioXnio$2 (file:/Users/pkgbuild/Library/Application%20Support/org.R-project.R/R/rsolr/solr-undertow-1.6.0-with-solr-5.5.0/lib/xnio-nio-3.3.4.Final.jar) to constructor sun.nio.ch.KQueueSelectorProvider()
    WARNING: Please consider reporting this to the maintainers of org.xnio.nio.NioXnio$2
    WARNING: Use --illegal-access=warn to enable warnings of further illegal reflective access operations
    WARNING: All illegal access operations will be denied in a future release
    Solr started at: http://localhost:8983/solr/Cars93
    
    
    RUNIT TEST PROTOCOL -- Tue Apr  1 18:10:35 2025 
    *********************************************** 
    Number of test functions: 7 
    Number of errors: 0 
    Number of failures: 1 
    
     
    1 Test Suite : 
    rsolr RUnit Tests - 7 test functions, 0 errors, 1 failure
    FAILURE in test_SolrQuery: Error in checkIdentical(as.table(fct), toTable(tab)) : FALSE 
     
    
    Test files with failing tests
    
       test_SolrQuery.R 
         test_SolrQuery 
    
    
    Error in get("testPackage", getNamespace("BiocGenerics"))("rsolr") : 
      unit tests failed for package rsolr
    Calls: <Anonymous> -> <Anonymous>
    In addition: There were 50 or more warnings (use warnings() to see the first 50)
    Execution halted
    Warning message:
    In getMethods(coerce, table = TRUE) : 'getMethods' is deprecated.
    Use 'getMethodsForDispatch(f, TRUE)' instead.
    See help("Deprecated")
Flavor: r-release-macos-arm64
Version: 0.0.13
Check: tests
Result: ERROR
    Running ‘rsolr_unit_tests.R’ [12s/45s]
  Running the tests in ‘tests/rsolr_unit_tests.R’ failed.
  Complete output:
    > rsolr:::.test()
    Starting Solr...
    Use options(verbose=TRUE) to diagnose any problems.
    WARNING: An illegal reflective access operation has occurred
    WARNING: Illegal reflective access by org.xnio.nio.NioXnio$2 (file:/Users/urbanek/Library/Application%20Support/org.R-project.R/R/rsolr/solr-undertow-1.6.0-with-solr-5.5.0/lib/xnio-nio-3.3.4.Final.jar) to constructor sun.nio.ch.KQueueSelectorProvider()
    WARNING: Please consider reporting this to the maintainers of org.xnio.nio.NioXnio$2
    WARNING: Use --illegal-access=warn to enable warnings of further illegal reflective access operations
    WARNING: All illegal access operations will be denied in a future release
    Solr started at: http://localhost:8983/solr/techproducts
    
    Attaching package: 'generics'
    
    The following objects are masked from 'package:base':
    
        as.difftime, as.factor, as.ordered, intersect, is.element, setdiff,
        setequal, union
    
    
    Attaching package: 'BiocGenerics'
    
    The following objects are masked from 'package:stats':
    
        IQR, mad, sd, var, xtabs
    
    The following objects are masked from 'package:base':
    
        Filter, Find, Map, Position, Reduce, anyDuplicated, aperm, append,
        as.data.frame, basename, cbind, colnames, dirname, do.call,
        duplicated, eval, evalq, get, grep, grepl, is.unsorted, lapply,
        mapply, match, mget, order, paste, pmax, pmax.int, pmin, pmin.int,
        rank, rbind, rownames, sapply, saveRDS, table, tapply, unique,
        unsplit, which.max, which.min
    
    
    Attaching package: 'rsolr'
    
    The following object is masked from 'package:stats':
    
        ftable
    
    The following object is masked from 'package:base':
    
        grouping
    
    Timing stopped at: 3.717 0.042 7.035
    Error in checkIdentical(as.table(fct), toTable(tab)) : FALSE 
     
    In addition: There were 50 or more warnings (use warnings() to see the first 50)
    Starting Solr...
    Use options(verbose=TRUE) to diagnose any problems.
    WARNING: An illegal reflective access operation has occurred
    WARNING: Illegal reflective access by org.xnio.nio.NioXnio$2 (file:/Users/urbanek/Library/Application%20Support/org.R-project.R/R/rsolr/solr-undertow-1.6.0-with-solr-5.5.0/lib/xnio-nio-3.3.4.Final.jar) to constructor sun.nio.ch.KQueueSelectorProvider()
    WARNING: Please consider reporting this to the maintainers of org.xnio.nio.NioXnio$2
    WARNING: Use --illegal-access=warn to enable warnings of further illegal reflective access operations
    WARNING: All illegal access operations will be denied in a future release
    Solr started at: http://localhost:8983/solr/Cars93
    Starting Solr...
    Use options(verbose=TRUE) to diagnose any problems.
    WARNING: An illegal reflective access operation has occurred
    WARNING: Illegal reflective access by org.xnio.nio.NioXnio$2 (file:/Users/urbanek/Library/Application%20Support/org.R-project.R/R/rsolr/solr-undertow-1.6.0-with-solr-5.5.0/lib/xnio-nio-3.3.4.Final.jar) to constructor sun.nio.ch.KQueueSelectorProvider()
    WARNING: Please consider reporting this to the maintainers of org.xnio.nio.NioXnio$2
    WARNING: Use --illegal-access=warn to enable warnings of further illegal reflective access operations
    WARNING: All illegal access operations will be denied in a future release
    Solr started at: http://localhost:8983/solr/Cars93
    
    
    RUNIT TEST PROTOCOL -- Tue Apr  1 10:06:01 2025 
    *********************************************** 
    Number of test functions: 7 
    Number of errors: 0 
    Number of failures: 1 
    
     
    1 Test Suite : 
    rsolr RUnit Tests - 7 test functions, 0 errors, 1 failure
    FAILURE in test_SolrQuery: Error in checkIdentical(as.table(fct), toTable(tab)) : FALSE 
     
    
    Test files with failing tests
    
       test_SolrQuery.R 
         test_SolrQuery 
    
    
    Error in get("testPackage", getNamespace("BiocGenerics"))("rsolr") : 
      unit tests failed for package rsolr
    Calls: <Anonymous> -> <Anonymous>
    In addition: There were 50 or more warnings (use warnings() to see the first 50)
    Execution halted
    Warning message:
    In getMethods(coerce, table = TRUE) : 'getMethods' is deprecated.
    Use 'getMethodsForDispatch(f, TRUE)' instead.
    See help("Deprecated")
Flavor: r-release-macos-x86_64
Version: 0.0.13
Check: tests
Result: ERROR
    Running ‘rsolr_unit_tests.R’ [2m/27m]
  Running the tests in ‘tests/rsolr_unit_tests.R’ failed.
  Complete output:
    > rsolr:::.test()
    Starting Solr...
    Use options(verbose=TRUE) to diagnose any problems.
    WARNING: An illegal reflective access operation has occurred
    WARNING: Illegal reflective access by org.xnio.nio.NioXnio$2 (file:/Users/urbanek/Library/Application%20Support/org.R-project.R/R/rsolr/solr-undertow-1.6.0-with-solr-5.5.0/lib/xnio-nio-3.3.4.Final.jar) to constructor sun.nio.ch.KQueueSelectorProvider()
    WARNING: Please consider reporting this to the maintainers of org.xnio.nio.NioXnio$2
    WARNING: Use --illegal-access=warn to enable warnings of further illegal reflective access operations
    WARNING: All illegal access operations will be denied in a future release
    Solr started at: http://localhost:8983/solr/techproducts
    
    Attaching package: 'BiocGenerics'
    
    The following objects are masked from 'package:stats':
    
        IQR, mad, sd, var, xtabs
    
    The following objects are masked from 'package:base':
    
        Filter, Find, Map, Position, Reduce, anyDuplicated, aperm, append,
        as.data.frame, basename, cbind, colnames, dirname, do.call,
        duplicated, eval, evalq, get, grep, grepl, intersect, is.unsorted,
        lapply, mapply, match, mget, order, paste, pmax, pmax.int, pmin,
        pmin.int, rank, rbind, rownames, sapply, setdiff, table, tapply,
        union, unique, unsplit, which.max, which.min
    
    
    Attaching package: 'rsolr'
    
    The following object is masked from 'package:stats':
    
        ftable
    
    The following object is masked from 'package:base':
    
        grouping
    
    Error in x$.self$finalize() : attempt to apply non-function
    Error in x$.self$finalize() : attempt to apply non-function
    Error in x$.self$finalize() : attempt to apply non-function
    Error in x$.self$finalize() : attempt to apply non-function
    Error in x$.self$finalize() : attempt to apply non-function
    Error in x$.self$finalize() : attempt to apply non-function
    Starting Solr...
    Use options(verbose=TRUE) to diagnose any problems.
    WARNING: An illegal reflective access operation has occurred
    WARNING: Illegal reflective access by org.xnio.nio.NioXnio$2 (file:/Users/urbanek/Library/Application%20Support/org.R-project.R/R/rsolr/solr-undertow-1.6.0-with-solr-5.5.0/lib/xnio-nio-3.3.4.Final.jar) to constructor sun.nio.ch.KQueueSelectorProvider()
    WARNING: Please consider reporting this to the maintainers of org.xnio.nio.NioXnio$2
    WARNING: Use --illegal-access=warn to enable warnings of further illegal reflective access operations
    WARNING: All illegal access operations will be denied in a future release
    Solr started at: http://localhost:8983/solr/Cars93
    Starting Solr...
    Use options(verbose=TRUE) to diagnose any problems.
    WARNING: An illegal reflective access operation has occurred
    WARNING: Illegal reflective access by org.xnio.nio.NioXnio$2 (file:/Users/urbanek/Library/Application%20Support/org.R-project.R/R/rsolr/solr-undertow-1.6.0-with-solr-5.5.0/lib/xnio-nio-3.3.4.Final.jar) to constructor sun.nio.ch.KQueueSelectorProvider()
    WARNING: Please consider reporting this to the maintainers of org.xnio.nio.NioXnio$2
    WARNING: Use --illegal-access=warn to enable warnings of further illegal reflective access operations
    WARNING: All illegal access operations will be denied in a future release
    
    Timing stopped at: 105.3 1.722 1570
    Error in file() : cannot open the connection
    Calls: <Anonymous> -> <Anonymous> -> <Anonymous> -> portIsOpen -> file
    In addition: Warning message:
    In file() :
      cannot open file '/var/folders/2b/t0kwbtmn3p7brv2mvx39c9cr0000gn/T//Rtmp3cDVgl/Rf11ec2615d0cb3': Too many open files
    Execution halted
    rm: /var/folders/2b/t0kwbtmn3p7brv2mvx39c9cr0000gn/T//Rtmp3cDVgl: Too many open files
Flavor: r-oldrel-macos-x86_64