CRAN Package Check Results for Package rmweather

Last updated on 2025-02-19 09:51:01 CET.

Flavor Version Tinstall Tcheck Ttotal Status Flags
r-devel-linux-x86_64-debian-clang 0.2.6 4.95 55.25 60.20 NOTE
r-devel-linux-x86_64-debian-gcc 0.2.6 3.51 39.61 43.12 NOTE
r-devel-linux-x86_64-fedora-clang 0.2.6 93.44 OK
r-devel-linux-x86_64-fedora-gcc 0.2.6 89.35 OK
r-devel-macos-arm64 0.2.6 33.00 OK
r-devel-macos-x86_64 0.2.6 59.00 OK
r-devel-windows-x86_64 0.2.6 7.00 74.00 81.00 NOTE
r-patched-linux-x86_64 0.2.6 10.36 51.72 62.08 OK
r-release-linux-x86_64 0.2.6 4.94 50.94 55.88 OK
r-release-macos-arm64 0.2.6 30.00 OK
r-release-macos-x86_64 0.2.6 62.00 OK
r-release-windows-x86_64 0.2.6 9.00 74.00 83.00 OK
r-oldrel-macos-arm64 0.2.6 32.00 OK
r-oldrel-macos-x86_64 0.2.6 52.00 OK
r-oldrel-windows-x86_64 0.2.6 10.00 89.00 99.00 OK

Check Details

Version: 0.2.6
Check: Rd cross-references
Result: NOTE Found the following Rd file(s) with Rd \link{} targets missing package anchors: rmw_partial_dependencies.Rd: partial Please provide package anchors for all Rd \link{} targets not in the package itself and the base packages. Flavors: r-devel-linux-x86_64-debian-clang, r-devel-linux-x86_64-debian-gcc, r-devel-windows-x86_64