Last updated on 2025-02-19 09:51:01 CET.
Flavor | Version | Tinstall | Tcheck | Ttotal | Status | Flags |
---|---|---|---|---|---|---|
r-devel-linux-x86_64-debian-clang | 1.0.0.1 | 5.67 | 40.83 | 46.50 | OK | |
r-devel-linux-x86_64-debian-gcc | 1.0.0.1 | 3.32 | 29.86 | 33.18 | OK | |
r-devel-linux-x86_64-fedora-clang | 1.0.0.1 | 74.88 | OK | |||
r-devel-linux-x86_64-fedora-gcc | 1.0.0.1 | 81.38 | OK | |||
r-devel-macos-arm64 | 1.0.0.1 | 29.00 | OK | |||
r-devel-macos-x86_64 | 1.0.0.1 | 127.00 | OK | |||
r-devel-windows-x86_64 | 1.0.0.1 | 7.00 | 59.00 | 66.00 | OK | |
r-patched-linux-x86_64 | 1.0.0.1 | 4.56 | 37.91 | 42.47 | NOTE | |
r-release-linux-x86_64 | 1.0.0.1 | 5.16 | 38.09 | 43.25 | NOTE | |
r-release-macos-arm64 | 1.0.0.1 | 31.00 | NOTE | |||
r-release-macos-x86_64 | 1.0.0.1 | 83.00 | NOTE | |||
r-release-windows-x86_64 | 1.0.0.1 | 6.00 | 57.00 | 63.00 | NOTE | |
r-oldrel-macos-arm64 | 1.0.0.1 | 30.00 | NOTE | |||
r-oldrel-macos-x86_64 | 1.0.0.1 | 46.00 | NOTE | |||
r-oldrel-windows-x86_64 | 1.0.0.1 | 8.00 | 65.00 | 73.00 | NOTE |
Version: 1.0.0.1
Check: LazyData
Result: NOTE
'LazyData' is specified without a 'data' directory
Flavors: r-patched-linux-x86_64, r-release-linux-x86_64, r-release-macos-arm64, r-release-macos-x86_64, r-release-windows-x86_64, r-oldrel-macos-arm64, r-oldrel-macos-x86_64, r-oldrel-windows-x86_64