CRAN Package Check Results for Package rma.exact

Last updated on 2025-04-16 09:53:10 CEST.

Flavor Version Tinstall Tcheck Ttotal Status Flags
r-devel-linux-x86_64-debian-clang 0.1.0 2.33 25.29 27.62 OK
r-devel-linux-x86_64-debian-gcc 0.1.0 1.80 20.19 21.99 OK
r-devel-linux-x86_64-fedora-clang 0.1.0 42.46 OK
r-devel-linux-x86_64-fedora-gcc 0.1.0 41.27 OK
r-devel-windows-x86_64 0.1.0 3.00 50.00 53.00 OK
r-patched-linux-x86_64 0.1.0 2.53 24.54 27.07 OK
r-release-linux-x86_64 0.1.0 1.97 24.25 26.22 OK
r-release-macos-arm64 0.1.0 19.00 OK
r-release-macos-x86_64 0.1.0 55.00 OK
r-release-windows-x86_64 0.1.0 3.00 51.00 54.00 OK
r-oldrel-macos-arm64 0.1.0 18.00 NOTE
r-oldrel-macos-x86_64 0.1.0 36.00 NOTE
r-oldrel-windows-x86_64 0.1.0 4.00 54.00 58.00 NOTE

Check Details

Version: 0.1.0
Check: LazyData
Result: NOTE 'LazyData' is specified without a 'data' directory Flavors: r-oldrel-macos-arm64, r-oldrel-macos-x86_64, r-oldrel-windows-x86_64