Last updated on 2025-02-16 09:50:51 CET.
Flavor | Version | Tinstall | Tcheck | Ttotal | Status | Flags |
---|---|---|---|---|---|---|
r-devel-linux-x86_64-debian-clang | 2.1.0 | 108.48 | 483.15 | 591.63 | OK | |
r-devel-linux-x86_64-debian-gcc | 2.1.0 | 82.75 | 319.52 | 402.27 | OK | |
r-devel-linux-x86_64-fedora-clang | 2.1.0 | 1138.73 | OK | |||
r-devel-linux-x86_64-fedora-gcc | 2.1.0 | 1012.56 | OK | |||
r-devel-macos-arm64 | 2.1.0 | 176.00 | OK | |||
r-devel-macos-x86_64 | 2.1.0 | 331.00 | OK | |||
r-devel-windows-x86_64 | 2.1.0 | 109.00 | 652.00 | 761.00 | OK | |
r-patched-linux-x86_64 | 2.1.0 | 111.82 | 448.76 | 560.58 | NOTE | |
r-release-linux-x86_64 | 2.1.0 | 101.59 | 450.58 | 552.17 | NOTE | |
r-release-macos-arm64 | 2.1.0 | 164.00 | NOTE | |||
r-release-macos-x86_64 | 2.1.0 | 252.00 | NOTE | |||
r-release-windows-x86_64 | 2.1.0 | 110.00 | 629.00 | 739.00 | NOTE | |
r-oldrel-macos-arm64 | 2.1.0 | 195.00 | NOTE | |||
r-oldrel-macos-x86_64 | 2.1.0 | 235.00 | NOTE | |||
r-oldrel-windows-x86_64 | 2.1.0 | 146.00 | 818.00 | 964.00 | NOTE |
Version: 2.1.0
Check: package dependencies
Result: NOTE
Packages suggested but not available for checking:
'DoubletFinder', 'RcppPlanc'
Flavors: r-patched-linux-x86_64, r-release-linux-x86_64, r-release-macos-x86_64, r-release-windows-x86_64, r-oldrel-windows-x86_64
Version: 2.1.0
Check: package dependencies
Result: NOTE
Packages suggested but not available for checking:
'DoubletFinder', 'RcppPlanc', 'reactome.db'
Flavor: r-release-macos-arm64
Version: 2.1.0
Check: installed package size
Result: NOTE
installed size is 9.5Mb
sub-directories of 1Mb or more:
R 1.0Mb
libs 6.4Mb
Flavors: r-release-macos-arm64, r-release-macos-x86_64, r-oldrel-macos-arm64, r-oldrel-macos-x86_64
Version: 2.1.0
Check: package dependencies
Result: NOTE
Packages suggested but not available for checking:
'DoubletFinder', 'EnhancedVolcano', 'RcppPlanc', 'reactome.db'
Flavors: r-oldrel-macos-arm64, r-oldrel-macos-x86_64