CRAN Package Check Results for Package rlc

Last updated on 2025-02-19 09:51:01 CET.

Flavor Version Tinstall Tcheck Ttotal Status Flags
r-devel-linux-x86_64-debian-clang 0.5.0 6.30 35.50 41.80 NOTE
r-devel-linux-x86_64-debian-gcc 0.5.0 4.88 27.09 31.97 NOTE
r-devel-linux-x86_64-fedora-clang 0.5.0 67.85 OK
r-devel-linux-x86_64-fedora-gcc 0.5.0 64.32 OK
r-devel-macos-arm64 0.5.0 24.00 OK
r-devel-macos-x86_64 0.5.0 36.00 OK
r-devel-windows-x86_64 0.5.0 8.00 70.00 78.00 NOTE
r-patched-linux-x86_64 0.5.0 10.17 34.04 44.21 OK
r-release-linux-x86_64 0.5.0 6.03 34.24 40.27 OK
r-release-macos-arm64 0.5.0 25.00 OK
r-release-macos-x86_64 0.5.0 35.00 OK
r-release-windows-x86_64 0.5.0 9.00 58.00 67.00 OK
r-oldrel-macos-arm64 0.5.0 29.00 OK
r-oldrel-macos-x86_64 0.5.0 51.00 OK
r-oldrel-windows-x86_64 0.5.0 10.00 65.00 75.00 OK

Check Details

Version: 0.5.0
Check: Rd cross-references
Result: NOTE Found the following Rd file(s) with Rd \link{} targets missing package anchors: chartEvent.Rd: App Please provide package anchors for all Rd \link{} targets not in the package itself and the base packages. Flavors: r-devel-linux-x86_64-debian-clang, r-devel-linux-x86_64-debian-gcc, r-devel-windows-x86_64