Last updated on 2025-02-16 09:50:51 CET.
Flavor | Version | Tinstall | Tcheck | Ttotal | Status | Flags |
---|---|---|---|---|---|---|
r-devel-linux-x86_64-debian-clang | 2023.12.21 | 198.59 | 307.56 | 506.15 | NOTE | |
r-devel-linux-x86_64-debian-gcc | 2023.12.21 | 133.52 | 200.95 | 334.47 | NOTE | |
r-devel-linux-x86_64-fedora-clang | 2023.12.21 | 950.47 | OK | |||
r-devel-linux-x86_64-fedora-gcc | 2023.12.21 | 909.50 | OK | |||
r-devel-macos-arm64 | 2023.12.21 | 186.00 | OK | |||
r-devel-macos-x86_64 | 2023.12.21 | 303.00 | OK | |||
r-devel-windows-x86_64 | 2023.12.21 | 195.00 | 317.00 | 512.00 | NOTE | |
r-patched-linux-x86_64 | 2023.12.21 | 211.98 | 269.93 | 481.91 | OK | |
r-release-linux-x86_64 | 2023.12.21 | 180.08 | 269.06 | 449.14 | OK | |
r-release-macos-arm64 | 2023.12.21 | 185.00 | NOTE | |||
r-release-macos-x86_64 | 2023.12.21 | 237.00 | NOTE | |||
r-release-windows-x86_64 | 2023.12.21 | 197.00 | 305.00 | 502.00 | OK | |
r-oldrel-macos-arm64 | 2023.12.21 | 222.00 | NOTE | |||
r-oldrel-macos-x86_64 | 2023.12.21 | 346.00 | NOTE | |||
r-oldrel-windows-x86_64 | 2023.12.21 | 252.00 | 381.00 | 633.00 | OK |
Version: 2023.12.21
Check: Rd cross-references
Result: NOTE
Found the following Rd file(s) with Rd \link{} targets missing package
anchors:
CSC.Rd: coxph
FGR.Rd: Hist
ate.Rd: as.data.table
plot.riskRegression.Rd: SmartControl
plotBrier.Rd: SmartControl
plotCalibration.Rd: SmartControl
plotEffects.Rd: SmartControl
plotPredictRisk.Rd: SmartControl
plotROC.Rd: SmartControl
plotRisk.Rd: SmartControl
selectCox.Rd: fastbw
summary.ate.Rd: as.data.table
Please provide package anchors for all Rd \link{} targets not in the
package itself and the base packages.
Flavors: r-devel-linux-x86_64-debian-clang, r-devel-linux-x86_64-debian-gcc, r-devel-windows-x86_64
Version: 2023.12.21
Check: installed package size
Result: NOTE
installed size is 10.2Mb
sub-directories of 1Mb or more:
R 1.1Mb
libs 8.7Mb
Flavors: r-release-macos-arm64, r-release-macos-x86_64, r-oldrel-macos-arm64, r-oldrel-macos-x86_64