Last updated on 2025-02-16 09:50:51 CET.
Flavor | Version | Tinstall | Tcheck | Ttotal | Status | Flags |
---|---|---|---|---|---|---|
r-devel-linux-x86_64-debian-clang | 0.2.2 | 64.52 | 45.71 | 110.23 | NOTE | |
r-devel-linux-x86_64-debian-gcc | 0.2.2 | 50.40 | 40.75 | 91.15 | NOTE | |
r-devel-linux-x86_64-fedora-clang | 0.2.2 | 196.52 | NOTE | |||
r-devel-linux-x86_64-fedora-gcc | 0.2.2 | 233.80 | NOTE | |||
r-devel-macos-arm64 | 0.2.2 | 55.00 | NOTE | |||
r-devel-macos-x86_64 | 0.2.2 | 99.00 | NOTE | |||
r-devel-windows-x86_64 | 0.2.2 | 62.00 | 83.00 | 145.00 | NOTE | |
r-patched-linux-x86_64 | 0.2.2 | 70.24 | 50.53 | 120.77 | NOTE | |
r-release-linux-x86_64 | 0.2.2 | 66.61 | 51.63 | 118.24 | NOTE | |
r-release-macos-arm64 | 0.2.2 | 57.00 | NOTE | |||
r-release-macos-x86_64 | 0.2.2 | 74.00 | NOTE | |||
r-release-windows-x86_64 | 0.2.2 | 64.00 | 87.00 | 151.00 | NOTE | |
r-oldrel-macos-arm64 | 0.2.2 | 65.00 | NOTE | |||
r-oldrel-macos-x86_64 | 0.2.2 | 94.00 | NOTE | |||
r-oldrel-windows-x86_64 | 0.2.2 | 79.00 | 93.00 | 172.00 | OK |
Version: 0.2.2
Check: Rd files
Result: NOTE
checkRd: (-1) riskParityPortfolio.Rd:163: Lost braces in \itemize; meant \describe ?
checkRd: (-1) riskParityPortfolio.Rd:164: Lost braces in \itemize; meant \describe ?
checkRd: (-1) riskParityPortfolio.Rd:165: Lost braces in \itemize; meant \describe ?
checkRd: (-1) riskParityPortfolio.Rd:166: Lost braces in \itemize; meant \describe ?
checkRd: (-1) riskParityPortfolio.Rd:167: Lost braces in \itemize; meant \describe ?
checkRd: (-1) riskParityPortfolio.Rd:168: Lost braces in \itemize; meant \describe ?
checkRd: (-1) riskParityPortfolio.Rd:169: Lost braces in \itemize; meant \describe ?
checkRd: (-1) riskParityPortfolio.Rd:170: Lost braces in \itemize; meant \describe ?
Flavors: r-devel-linux-x86_64-debian-clang, r-devel-linux-x86_64-debian-gcc, r-devel-linux-x86_64-fedora-clang, r-devel-linux-x86_64-fedora-gcc, r-devel-macos-arm64, r-devel-macos-x86_64, r-devel-windows-x86_64, r-patched-linux-x86_64, r-release-linux-x86_64, r-release-macos-arm64, r-release-macos-x86_64, r-release-windows-x86_64
Version: 0.2.2
Check: installed package size
Result: NOTE
installed size is 25.2Mb
sub-directories of 1Mb or more:
doc 1.4Mb
libs 23.7Mb
Flavors: r-release-macos-arm64, r-release-macos-x86_64, r-oldrel-macos-arm64, r-oldrel-macos-x86_64
Version: 0.2.2
Check: package dependencies
Result: NOTE
Package suggested but not available for checking: ‘portfolioBacktest’
Flavor: r-oldrel-macos-x86_64