CRAN Package Check Results for Package riceidconverter

Last updated on 2025-02-19 09:51:01 CET.

Flavor Version Tinstall Tcheck Ttotal Status Flags
r-devel-linux-x86_64-debian-clang 1.1.1 8.20 21.32 29.52 OK
r-devel-linux-x86_64-debian-gcc 1.1.1 6.84 17.59 24.43 OK
r-devel-linux-x86_64-fedora-clang 1.1.1 47.10 OK
r-devel-linux-x86_64-fedora-gcc 1.1.1 45.37 OK
r-devel-macos-arm64 1.1.1 22.00 OK
r-devel-macos-x86_64 1.1.1 37.00 OK
r-devel-windows-x86_64 1.1.1 10.00 48.00 58.00 OK
r-patched-linux-x86_64 1.1.1 8.05 20.50 28.55 NOTE
r-release-linux-x86_64 1.1.1 7.73 20.98 28.71 NOTE
r-release-macos-arm64 1.1.1 21.00 NOTE
r-release-macos-x86_64 1.1.1 32.00 NOTE
r-release-windows-x86_64 1.1.1 10.00 41.00 51.00 NOTE
r-oldrel-macos-arm64 1.1.1 24.00 NOTE
r-oldrel-macos-x86_64 1.1.1 30.00 NOTE
r-oldrel-windows-x86_64 1.1.1 12.00 49.00 61.00 NOTE

Check Details

Version: 1.1.1
Check: LazyData
Result: NOTE 'LazyData' is specified without a 'data' directory Flavors: r-patched-linux-x86_64, r-release-linux-x86_64, r-release-macos-arm64, r-release-macos-x86_64, r-release-windows-x86_64, r-oldrel-macos-arm64, r-oldrel-macos-x86_64, r-oldrel-windows-x86_64