CRAN Package Check Results for Package ricegeneann

Last updated on 2025-02-16 09:50:51 CET.

Flavor Version Tinstall Tcheck Ttotal Status Flags
r-devel-linux-x86_64-debian-clang 1.0.2 5.05 18.81 23.86 OK
r-devel-linux-x86_64-debian-gcc 1.0.2 4.00 15.56 19.56 OK
r-devel-linux-x86_64-fedora-clang 1.0.2 38.85 OK
r-devel-linux-x86_64-fedora-gcc 1.0.2 36.75 OK
r-devel-macos-arm64 1.0.2 20.00 OK
r-devel-macos-x86_64 1.0.2 28.00 OK
r-devel-windows-x86_64 1.0.2 6.00 46.00 52.00 OK
r-patched-linux-x86_64 1.0.2 4.52 18.25 22.77 NOTE
r-release-linux-x86_64 1.0.2 3.76 18.37 22.13 NOTE
r-release-macos-arm64 1.0.2 17.00 NOTE
r-release-macos-x86_64 1.0.2 25.00 NOTE
r-release-windows-x86_64 1.0.2 7.00 48.00 55.00 NOTE
r-oldrel-macos-arm64 1.0.2 20.00 NOTE
r-oldrel-macos-x86_64 1.0.2 23.00 NOTE
r-oldrel-windows-x86_64 1.0.2 7.00 42.00 49.00 NOTE

Check Details

Version: 1.0.2
Check: LazyData
Result: NOTE 'LazyData' is specified without a 'data' directory Flavors: r-patched-linux-x86_64, r-release-linux-x86_64, r-release-macos-arm64, r-release-macos-x86_64, r-release-windows-x86_64, r-oldrel-macos-arm64, r-oldrel-macos-x86_64, r-oldrel-windows-x86_64