CRAN Package Check Results for Package rgoogleclassroom

Last updated on 2025-02-20 09:51:01 CET.

Flavor Version Tinstall Tcheck Ttotal Status Flags
r-devel-linux-x86_64-debian-clang 0.9.1 4.22 37.80 42.02 NOTE
r-devel-linux-x86_64-debian-gcc 0.9.1 3.27 28.23 31.50 NOTE
r-devel-linux-x86_64-fedora-clang 0.9.1 69.09 NOTE
r-devel-linux-x86_64-fedora-gcc 0.9.1 79.55 NOTE
r-devel-macos-arm64 0.9.1 30.00 OK
r-devel-macos-x86_64 0.9.1 50.00 OK
r-devel-windows-x86_64 0.9.1 7.00 61.00 68.00 NOTE
r-patched-linux-x86_64 0.9.1 10.56 35.61 46.17 OK
r-release-linux-x86_64 0.9.1 5.10 35.46 40.56 OK
r-release-macos-arm64 0.9.1 29.00 OK
r-release-macos-x86_64 0.9.1 42.00 OK
r-release-windows-x86_64 0.9.1 7.00 62.00 69.00 OK
r-oldrel-macos-arm64 0.9.1 27.00 OK
r-oldrel-macos-x86_64 0.9.1 47.00 OK
r-oldrel-windows-x86_64 0.9.1 8.00 63.00 71.00 OK

Check Details

Version: 0.9.1
Check: Rd cross-references
Result: NOTE Found the following Rd file(s) with Rd \link{} targets missing package anchors: authorize.Rd: oauth2.0_token Please provide package anchors for all Rd \link{} targets not in the package itself and the base packages. Flavors: r-devel-linux-x86_64-debian-clang, r-devel-linux-x86_64-debian-gcc, r-devel-windows-x86_64

Version: 0.9.1
Check: dependencies in R code
Result: NOTE Namespaces in Imports field not imported from: ‘attempt’ ‘curl’ ‘knitr’ All declared Imports should be used. Flavors: r-devel-linux-x86_64-fedora-clang, r-devel-linux-x86_64-fedora-gcc