Last updated on 2025-10-27 08:50:04 CET.
| Flavor | Version | Tinstall | Tcheck | Ttotal | Status | Flags |
|---|---|---|---|---|---|---|
| r-devel-linux-x86_64-debian-clang | 1.0.0 | 21.23 | 177.61 | 198.84 | NOTE | |
| r-devel-linux-x86_64-debian-gcc | 1.0.0 | 15.79 | 126.09 | 141.88 | NOTE | |
| r-devel-linux-x86_64-fedora-clang | 1.0.0 | 46.00 | 255.01 | 301.01 | NOTE | |
| r-devel-linux-x86_64-fedora-gcc | 1.0.0 | 106.00 | 200.00 | 306.00 | NOTE | |
| r-devel-windows-x86_64 | 1.0.0 | 24.00 | 167.00 | 191.00 | OK | |
| r-patched-linux-x86_64 | 1.0.0 | 18.12 | 165.04 | 183.16 | OK | |
| r-release-linux-x86_64 | 1.0.0 | 18.47 | 168.95 | 187.42 | OK | |
| r-release-macos-arm64 | 1.0.0 | 8.00 | 50.00 | 58.00 | OK | |
| r-release-macos-x86_64 | 1.0.0 | 16.00 | 91.00 | 107.00 | OK | |
| r-release-windows-x86_64 | 1.0.0 | 23.00 | 165.00 | 188.00 | OK | |
| r-oldrel-macos-arm64 | 1.0.0 | 9.00 | 56.00 | 65.00 | OK | |
| r-oldrel-macos-x86_64 | 1.0.0 | 16.00 | 96.00 | 112.00 | OK | |
| r-oldrel-windows-x86_64 | 1.0.0 | 31.00 | 220.00 | 251.00 | OK |
Version: 1.0.0
Check: Rd files
Result: NOTE
checkRd: (-1) f_boxcox.Rd:76-87: Only 2 columns allowed in this table (row 4 has 1)
checkRd: (-1) f_boxcox.Rd:76-87: Only 2 columns allowed in this table (row 6 has 1)
checkRd: (-1) f_boxcox.Rd:76-87: Only 2 columns allowed in this table (row 8 has 1)
checkRd: (-1) f_boxcox.Rd:76-87: Only 2 columns allowed in this table (row 10 has 1)
checkRd: (-1) f_boxcox.Rd:76-87: Only 2 columns allowed in this table (row 12 has 1)
checkRd: (-1) f_boxcox.Rd:76-87: Only 2 columns allowed in this table (row 14 has 1)
Flavors: r-devel-linux-x86_64-debian-clang, r-devel-linux-x86_64-debian-gcc, r-devel-linux-x86_64-fedora-clang, r-devel-linux-x86_64-fedora-gcc