Last updated on 2025-02-19 09:51:01 CET.
Flavor | Version | Tinstall | Tcheck | Ttotal | Status | Flags |
---|---|---|---|---|---|---|
r-devel-linux-x86_64-debian-clang | 0.2.1 | 2.01 | 18.99 | 21.00 | OK | |
r-devel-linux-x86_64-debian-gcc | 0.2.1 | 1.60 | 15.39 | 16.99 | OK | |
r-devel-linux-x86_64-fedora-clang | 0.2.1 | 33.36 | OK | |||
r-devel-linux-x86_64-fedora-gcc | 0.2.1 | 31.58 | OK | |||
r-devel-macos-arm64 | 0.2.1 | 12.00 | OK | |||
r-devel-macos-x86_64 | 0.2.1 | 24.00 | OK | |||
r-devel-windows-x86_64 | 0.2.1 | 3.00 | 44.00 | 47.00 | OK | |
r-patched-linux-x86_64 | 0.2.1 | 1.79 | 18.59 | 20.38 | OK | |
r-release-linux-x86_64 | 0.2.1 | 1.86 | 18.53 | 20.39 | OK | |
r-release-macos-arm64 | 0.2.1 | 13.00 | NOTE | |||
r-release-macos-x86_64 | 0.2.1 | 25.00 | OK | |||
r-release-windows-x86_64 | 0.2.1 | 3.00 | 41.00 | 44.00 | OK | |
r-oldrel-macos-arm64 | 0.2.1 | 14.00 | NOTE | |||
r-oldrel-macos-x86_64 | 0.2.1 | 21.00 | NOTE | |||
r-oldrel-windows-x86_64 | 0.2.1 | 3.00 | 44.00 | 47.00 | OK |
Version: 0.2.1
Check: package dependencies
Result: NOTE
Package suggested but not available for checking: ‘ccdata’
Flavors: r-release-macos-arm64, r-oldrel-macos-arm64, r-oldrel-macos-x86_64