CRAN Package Check Results for Package requireR

Last updated on 2025-11-13 09:51:00 CET.

Flavor Version Tinstall Tcheck Ttotal Status Flags
r-devel-linux-x86_64-debian-clang 1.0.0.1 1.65 21.34 22.99 OK
r-devel-linux-x86_64-debian-gcc 1.0.0.1 1.39 18.47 19.86 OK
r-devel-linux-x86_64-fedora-clang 1.0.0.1 34.52 OK
r-devel-linux-x86_64-fedora-gcc 1.0.0.1 49.63 OK
r-devel-windows-x86_64 1.0.0.1 3.00 42.00 45.00 OK
r-patched-linux-x86_64 1.0.0.1 1.52 20.12 21.64 OK
r-release-linux-x86_64 1.0.0.1 1.51 20.61 22.12 OK
r-release-macos-arm64 1.0.0.1 1.00 30.00 31.00 OK
r-release-macos-x86_64 1.0.0.1 1.00 36.00 37.00 OK
r-release-windows-x86_64 1.0.0.1 2.00 40.00 42.00 OK
r-oldrel-macos-arm64 1.0.0.1 1.00 18.00 19.00 NOTE
r-oldrel-macos-x86_64 1.0.0.1 1.00 29.00 30.00 NOTE
r-oldrel-windows-x86_64 1.0.0.1 4.00 45.00 49.00 NOTE

Check Details

Version: 1.0.0.1
Check: LazyData
Result: NOTE 'LazyData' is specified without a 'data' directory Flavors: r-oldrel-macos-arm64, r-oldrel-macos-x86_64, r-oldrel-windows-x86_64