Last updated on 2025-02-16 09:50:51 CET.
Flavor | Version | Tinstall | Tcheck | Ttotal | Status | Flags |
---|---|---|---|---|---|---|
r-devel-linux-x86_64-debian-clang | 1.1.3 | 3.43 | 31.54 | 34.97 | NOTE | |
r-devel-linux-x86_64-debian-gcc | 1.1.3 | 2.46 | 24.18 | 26.64 | NOTE | |
r-devel-linux-x86_64-fedora-clang | 1.1.3 | 58.47 | OK | |||
r-devel-linux-x86_64-fedora-gcc | 1.1.3 | 66.75 | OK | |||
r-devel-macos-arm64 | 1.1.3 | 25.00 | OK | |||
r-devel-macos-x86_64 | 1.1.3 | 50.00 | OK | |||
r-devel-windows-x86_64 | 1.1.3 | 4.00 | 75.00 | 79.00 | NOTE | |
r-patched-linux-x86_64 | 1.1.3 | 4.88 | 30.17 | 35.05 | OK | |
r-release-linux-x86_64 | 1.1.3 | 2.99 | 30.05 | 33.04 | OK | |
r-release-macos-arm64 | 1.1.3 | 25.00 | OK | |||
r-release-macos-x86_64 | 1.1.3 | 41.00 | OK | |||
r-release-windows-x86_64 | 1.1.3 | 4.00 | 76.00 | 80.00 | OK | |
r-oldrel-macos-arm64 | 1.1.3 | 26.00 | OK | |||
r-oldrel-macos-x86_64 | 1.1.3 | 37.00 | OK | |||
r-oldrel-windows-x86_64 | 1.1.3 | 4.00 | 73.00 | 77.00 | OK |
Version: 1.1.3
Check: Rd cross-references
Result: NOTE
Found the following Rd file(s) with Rd \link{} targets missing package
anchors:
addLineBreak.Rd: xtable
Please provide package anchors for all Rd \link{} targets not in the
package itself and the base packages.
Flavors: r-devel-linux-x86_64-debian-clang, r-devel-linux-x86_64-debian-gcc, r-devel-windows-x86_64