Last updated on 2025-02-19 09:51:01 CET.
Flavor | Version | Tinstall | Tcheck | Ttotal | Status | Flags |
---|---|---|---|---|---|---|
r-devel-linux-x86_64-debian-clang | 3.4 | 118.36 | 32.07 | 150.43 | OK | |
r-devel-linux-x86_64-debian-gcc | 3.4 | 91.87 | 24.61 | 116.48 | OK | |
r-devel-linux-x86_64-fedora-clang | 3.4 | 274.27 | NOTE | |||
r-devel-linux-x86_64-fedora-gcc | 3.4 | 303.03 | NOTE | |||
r-devel-macos-arm64 | 3.4 | 65.00 | OK | |||
r-devel-macos-x86_64 | 3.4 | 79.00 | OK | |||
r-devel-windows-x86_64 | 3.4 | 116.00 | 74.00 | 190.00 | OK | |
r-patched-linux-x86_64 | 3.4 | 120.65 | 30.30 | 150.95 | OK | |
r-release-linux-x86_64 | 3.4 | 122.65 | 30.44 | 153.09 | OK | |
r-release-macos-arm64 | 3.4 | 63.00 | NOTE | |||
r-release-macos-x86_64 | 3.4 | 66.00 | NOTE | |||
r-release-windows-x86_64 | 3.4 | 119.00 | 74.00 | 193.00 | OK | |
r-oldrel-macos-arm64 | 3.4 | 84.00 | NOTE | |||
r-oldrel-macos-x86_64 | 3.4 | 135.00 | NOTE | |||
r-oldrel-windows-x86_64 | 3.4 | 144.00 | 85.00 | 229.00 | OK |
Version: 3.4
Check: compiled code
Result: NOTE
File ‘repolr/libs/repolr.so’:
Found no calls to: ‘R_registerRoutines’, ‘R_useDynamicSymbols’
It is good practice to register native routines and to disable symbol
search.
See ‘Writing portable packages’ in the ‘Writing R Extensions’ manual.
Flavors: r-devel-linux-x86_64-fedora-clang, r-devel-linux-x86_64-fedora-gcc
Version: 3.4
Check: installed package size
Result: NOTE
installed size is 9.5Mb
sub-directories of 1Mb or more:
libs 9.3Mb
Flavors: r-release-macos-arm64, r-release-macos-x86_64, r-oldrel-macos-arm64, r-oldrel-macos-x86_64