CRAN Package Check Results for Package repo

Last updated on 2025-02-16 09:50:51 CET.

Flavor Version Tinstall Tcheck Ttotal Status Flags
r-devel-linux-x86_64-debian-clang 2.1.5 3.68 32.79 36.47 NOTE
r-devel-linux-x86_64-debian-gcc 2.1.5 2.53 24.29 26.82 NOTE
r-devel-linux-x86_64-fedora-clang 2.1.5 60.03 NOTE
r-devel-linux-x86_64-fedora-gcc 2.1.5 80.47 NOTE
r-devel-macos-arm64 2.1.5 30.00 NOTE
r-devel-macos-x86_64 2.1.5 55.00 NOTE
r-devel-windows-x86_64 2.1.5 5.00 61.00 66.00 NOTE
r-patched-linux-x86_64 2.1.5 4.17 31.13 35.30 NOTE
r-release-linux-x86_64 2.1.5 3.42 30.75 34.17 NOTE
r-release-macos-arm64 2.1.5 28.00 NOTE
r-release-macos-x86_64 2.1.5 48.00 NOTE
r-release-windows-x86_64 2.1.5 4.00 67.00 71.00 NOTE
r-oldrel-macos-arm64 2.1.5 29.00 NOTE
r-oldrel-macos-x86_64 2.1.5 39.00 NOTE
r-oldrel-windows-x86_64 2.1.5 5.00 87.00 92.00 NOTE

Check Details

Version: 2.1.5
Check: package subdirectories
Result: NOTE Problems with news in ‘NEWS.md’: No news entries found. Flavors: r-devel-linux-x86_64-debian-clang, r-devel-linux-x86_64-debian-gcc, r-devel-linux-x86_64-fedora-clang, r-devel-linux-x86_64-fedora-gcc, r-devel-macos-arm64, r-devel-macos-x86_64, r-devel-windows-x86_64, r-patched-linux-x86_64, r-release-linux-x86_64, r-release-macos-arm64, r-release-macos-x86_64, r-release-windows-x86_64, r-oldrel-macos-arm64, r-oldrel-macos-x86_64, r-oldrel-windows-x86_64

Version: 2.1.5
Check: Rd files
Result: NOTE checkRd: (-1) repo_build.Rd:44-47: Lost braces 44 | ## chunk "item 1" { | ^ checkRd: (-1) repo_dependencies.Rd:48: Lost braces in \itemize; meant \describe ? checkRd: (-1) repo_dependencies.Rd:49-50: Lost braces in \itemize; meant \describe ? checkRd: (-1) repo_dependencies.Rd:51-53: Lost braces in \itemize; meant \describe ? Flavors: r-devel-linux-x86_64-debian-clang, r-devel-linux-x86_64-debian-gcc, r-devel-linux-x86_64-fedora-clang, r-devel-linux-x86_64-fedora-gcc, r-devel-macos-arm64, r-devel-macos-x86_64, r-devel-windows-x86_64, r-patched-linux-x86_64, r-release-linux-x86_64, r-release-macos-arm64, r-release-macos-x86_64, r-release-windows-x86_64