Last updated on 2025-02-16 09:50:51 CET.
Flavor | Version | Tinstall | Tcheck | Ttotal | Status | Flags |
---|---|---|---|---|---|---|
r-devel-linux-x86_64-debian-clang | 0.1.7 | 3.04 | 28.09 | 31.13 | OK | |
r-devel-linux-x86_64-debian-gcc | 0.1.7 | 2.25 | 20.88 | 23.13 | OK | |
r-devel-linux-x86_64-fedora-clang | 0.1.7 | 50.85 | OK | |||
r-devel-linux-x86_64-fedora-gcc | 0.1.7 | 47.05 | OK | |||
r-devel-macos-arm64 | 0.1.7 | 20.00 | OK | |||
r-devel-macos-x86_64 | 0.1.7 | 32.00 | OK | |||
r-devel-windows-x86_64 | 0.1.7 | 6.00 | 52.00 | 58.00 | OK | |
r-patched-linux-x86_64 | 0.1.7 | 3.47 | 26.18 | 29.65 | NOTE | |
r-release-linux-x86_64 | 0.1.7 | 3.11 | 25.90 | 29.01 | NOTE | |
r-release-macos-arm64 | 0.1.7 | 17.00 | NOTE | |||
r-release-macos-x86_64 | 0.1.7 | 27.00 | NOTE | |||
r-release-windows-x86_64 | 0.1.7 | 5.00 | 53.00 | 58.00 | NOTE | |
r-oldrel-macos-arm64 | 0.1.7 | 20.00 | NOTE | |||
r-oldrel-macos-x86_64 | 0.1.7 | 26.00 | NOTE | |||
r-oldrel-windows-x86_64 | 0.1.7 | 6.00 | 72.00 | 78.00 | NOTE |
Version: 0.1.7
Check: LazyData
Result: NOTE
'LazyData' is specified without a 'data' directory
Flavors: r-patched-linux-x86_64, r-release-linux-x86_64, r-release-macos-arm64, r-release-macos-x86_64, r-release-windows-x86_64, r-oldrel-macos-arm64, r-oldrel-macos-x86_64, r-oldrel-windows-x86_64