CRAN Package Check Results for Package rentrez

Last updated on 2025-04-15 09:52:30 CEST.

Flavor Version Tinstall Tcheck Ttotal Status Flags
r-devel-linux-x86_64-debian-clang 1.2.3 3.43 35.44 38.87 NOTE
r-devel-linux-x86_64-debian-gcc 1.2.3 2.01 28.03 30.04 NOTE
r-devel-linux-x86_64-fedora-clang 1.2.3 63.81 NOTE
r-devel-linux-x86_64-fedora-gcc 1.2.3 74.81 NOTE
r-devel-windows-x86_64 1.2.3 4.00 58.00 62.00 NOTE --no-vignettes
r-patched-linux-x86_64 1.2.3 2.63 34.33 36.96 NOTE
r-release-linux-x86_64 1.2.3 2.96 34.95 37.91 NOTE
r-release-macos-arm64 1.2.3 42.00 NOTE
r-release-macos-x86_64 1.2.3 58.00 NOTE
r-release-windows-x86_64 1.2.3 4.00 57.00 61.00 NOTE --no-vignettes
r-oldrel-macos-arm64 1.2.3 26.00 NOTE
r-oldrel-macos-x86_64 1.2.3 42.00 NOTE
r-oldrel-windows-x86_64 1.2.3 5.00 64.00 69.00 NOTE --no-vignettes

Check Details

Version: 1.2.3
Check: Rd files
Result: NOTE checkRd: (-1) rentrez.Rd:17-21: Lost braces 17 | /enumerated{ | ^ Flavors: r-devel-linux-x86_64-debian-clang, r-devel-linux-x86_64-debian-gcc, r-devel-linux-x86_64-fedora-clang, r-devel-linux-x86_64-fedora-gcc, r-patched-linux-x86_64, r-release-linux-x86_64, r-release-macos-arm64, r-release-macos-x86_64, r-oldrel-macos-arm64, r-oldrel-macos-x86_64

Version: 1.2.3
Check: Rd cross-references
Result: NOTE Found the following Rd file(s) with Rd \link{} targets missing package anchors: entrez_link.Rd: xmlTreeParse Please provide package anchors for all Rd \link{} targets not in the package itself and the base packages. Flavors: r-devel-linux-x86_64-debian-clang, r-devel-linux-x86_64-debian-gcc, r-patched-linux-x86_64, r-release-linux-x86_64

Version: 1.2.3
Flags: --no-vignettes
Check: Rd files
Result: NOTE checkRd: (-1) rentrez.Rd:17-21: Lost braces 17 | /enumerated{ | ^ Flavors: r-devel-windows-x86_64, r-release-windows-x86_64, r-oldrel-windows-x86_64

Version: 1.2.3
Flags: --no-vignettes
Check: Rd cross-references
Result: NOTE Found the following Rd file(s) with Rd \link{} targets missing package anchors: entrez_link.Rd: xmlTreeParse Please provide package anchors for all Rd \link{} targets not in the package itself and the base packages. Flavors: r-devel-windows-x86_64, r-release-windows-x86_64