Last updated on 2025-02-19 09:51:00 CET.
Flavor | Version | Tinstall | Tcheck | Ttotal | Status | Flags |
---|---|---|---|---|---|---|
r-devel-linux-x86_64-debian-clang | 1.6 | 15.77 | 141.29 | 157.06 | NOTE | |
r-devel-linux-x86_64-debian-gcc | 1.6 | 9.77 | 100.22 | 109.99 | NOTE | |
r-devel-linux-x86_64-fedora-clang | 1.6 | 243.26 | OK | |||
r-devel-linux-x86_64-fedora-gcc | 1.6 | 234.80 | OK | |||
r-devel-macos-arm64 | 1.6 | 75.00 | OK | |||
r-devel-macos-x86_64 | 1.6 | 139.00 | OK | |||
r-devel-windows-x86_64 | 1.6 | 15.00 | 167.00 | 182.00 | NOTE | |
r-patched-linux-x86_64 | 1.6 | 20.84 | 132.54 | 153.38 | OK | |
r-release-linux-x86_64 | 1.6 | 12.79 | 130.87 | 143.66 | OK | |
r-release-macos-arm64 | 1.6 | 83.00 | OK | |||
r-release-macos-x86_64 | 1.6 | 142.00 | OK | |||
r-release-windows-x86_64 | 1.6 | 16.00 | 164.00 | 180.00 | OK | |
r-oldrel-macos-arm64 | 1.6 | 73.00 | OK | |||
r-oldrel-macos-x86_64 | 1.6 | 124.00 | OK | |||
r-oldrel-windows-x86_64 | 1.6 | 20.00 | 190.00 | 210.00 | OK |
Version: 1.6
Check: Rd cross-references
Result: NOTE
Found the following Rd file(s) with Rd \link{} targets missing package
anchors:
associate.Rd: vglm
build_model.Rd: bestglm, regsubsets
build_tree.Rd: rpart
generalization_error.Rd: rpart, randomForest
getcp.Rd: rpart
see_models.Rd: regsubsets
summarize_tree.Rd: rpart, randomForest
visualize_model.Rd: rpart
Please provide package anchors for all Rd \link{} targets not in the
package itself and the base packages.
Flavors: r-devel-linux-x86_64-debian-clang, r-devel-linux-x86_64-debian-gcc, r-devel-windows-x86_64