Last updated on 2025-10-27 08:50:04 CET.
| Flavor | Version | Tinstall | Tcheck | Ttotal | Status | Flags | 
|---|---|---|---|---|---|---|
| r-devel-linux-x86_64-debian-clang | 0.2.1 | 2.52 | 32.68 | 35.20 | OK | |
| r-devel-linux-x86_64-debian-gcc | 0.2.1 | 2.24 | 25.41 | 27.65 | OK | |
| r-devel-linux-x86_64-fedora-clang | 0.2.1 | 52.04 | OK | |||
| r-devel-linux-x86_64-fedora-gcc | 0.2.1 | 55.24 | OK | |||
| r-devel-windows-x86_64 | 0.2.1 | 8.00 | 49.00 | 57.00 | OK | |
| r-patched-linux-x86_64 | 0.2.1 | 3.07 | 29.68 | 32.75 | OK | |
| r-release-linux-x86_64 | 0.2.1 | 2.14 | 29.81 | 31.95 | OK | |
| r-release-macos-arm64 | 0.2.1 | 2.00 | 19.00 | 21.00 | OK | |
| r-release-macos-x86_64 | 0.2.1 | 2.00 | 31.00 | 33.00 | OK | |
| r-release-windows-x86_64 | 0.2.1 | 8.00 | 50.00 | 58.00 | OK | |
| r-oldrel-macos-arm64 | 0.2.1 | 2.00 | 20.00 | 22.00 | NOTE | |
| r-oldrel-macos-x86_64 | 0.2.1 | 2.00 | 28.00 | 30.00 | NOTE | |
| r-oldrel-windows-x86_64 | 0.2.1 | 9.00 | 56.00 | 65.00 | NOTE | 
Version: 0.2.1
Check: installed package size
Result: NOTE
    installed size is 10.3Mb
    sub-directories of 1Mb or more:
      htmlwidgets   9.8Mb
Flavors: r-oldrel-macos-arm64, r-oldrel-macos-x86_64, r-oldrel-windows-x86_64