Last updated on 2025-02-19 09:51:00 CET.
Flavor | Version | Tinstall | Tcheck | Ttotal | Status | Flags |
---|---|---|---|---|---|---|
r-devel-linux-x86_64-debian-clang | 1.0.17 | 13.83 | 136.68 | 150.51 | NOTE | |
r-devel-linux-x86_64-debian-gcc | 1.0.17 | 11.91 | 95.29 | 107.20 | NOTE | |
r-devel-linux-x86_64-fedora-clang | 1.0.17 | 229.19 | OK | |||
r-devel-linux-x86_64-fedora-gcc | 1.0.17 | 248.75 | OK | |||
r-devel-macos-arm64 | 1.0.17 | 70.00 | OK | |||
r-devel-macos-x86_64 | 1.0.17 | 135.00 | OK | |||
r-devel-windows-x86_64 | 1.0.17 | 19.00 | 143.00 | 162.00 | NOTE | |
r-patched-linux-x86_64 | 1.0.17 | 19.33 | 127.72 | 147.05 | OK | |
r-release-linux-x86_64 | 1.0.17 | 16.32 | 126.64 | 142.96 | OK | |
r-release-macos-arm64 | 1.0.17 | 66.00 | OK | |||
r-release-macos-x86_64 | 1.0.17 | 110.00 | OK | |||
r-release-windows-x86_64 | 1.0.17 | 18.00 | 146.00 | 164.00 | OK | |
r-oldrel-macos-arm64 | 1.0.17 | 70.00 | OK | |||
r-oldrel-macos-x86_64 | 1.0.17 | 211.00 | OK | |||
r-oldrel-windows-x86_64 | 1.0.17 | 23.00 | 167.00 | 190.00 | OK |
Version: 1.0.17
Check: Rd cross-references
Result: NOTE
Found the following Rd file(s) with Rd \link{} targets missing package
anchors:
as.recmap.SpatialPolygonsDataFrame.Rd: SpatialPolygonsDataFrame
dot-get_7triangles.Rd: SpatialPolygons
Please provide package anchors for all Rd \link{} targets not in the
package itself and the base packages.
Flavors: r-devel-linux-x86_64-debian-clang, r-devel-linux-x86_64-debian-gcc, r-devel-windows-x86_64