CRAN Package Check Results for Package readOffice

Last updated on 2025-02-16 09:50:50 CET.

Flavor Version Tinstall Tcheck Ttotal Status Flags
r-devel-linux-x86_64-debian-clang 0.2.2 1.89 18.60 20.49 OK
r-devel-linux-x86_64-debian-gcc 0.2.2 1.44 15.00 16.44 OK
r-devel-linux-x86_64-fedora-clang 0.2.2 33.24 OK
r-devel-linux-x86_64-fedora-gcc 0.2.2 31.53 OK
r-devel-macos-arm64 0.2.2 15.00 OK
r-devel-macos-x86_64 0.2.2 27.00 OK
r-devel-windows-x86_64 0.2.2 3.00 50.00 53.00 OK
r-patched-linux-x86_64 0.2.2 1.83 17.62 19.45 NOTE
r-release-linux-x86_64 0.2.2 1.80 17.84 19.64 NOTE
r-release-macos-arm64 0.2.2 16.00 NOTE
r-release-macos-x86_64 0.2.2 22.00 NOTE
r-release-windows-x86_64 0.2.2 3.00 48.00 51.00 NOTE
r-oldrel-macos-arm64 0.2.2 15.00 NOTE
r-oldrel-macos-x86_64 0.2.2 19.00 NOTE
r-oldrel-windows-x86_64 0.2.2 4.00 41.00 45.00 NOTE

Check Details

Version: 0.2.2
Check: LazyData
Result: NOTE 'LazyData' is specified without a 'data' directory Flavors: r-patched-linux-x86_64, r-release-linux-x86_64, r-release-macos-arm64, r-release-macos-x86_64, r-release-windows-x86_64, r-oldrel-macos-arm64, r-oldrel-macos-x86_64, r-oldrel-windows-x86_64