Last updated on 2025-07-04 09:50:00 CEST.
Flavor | Version | Tinstall | Tcheck | Ttotal | Status | Flags |
---|---|---|---|---|---|---|
r-devel-linux-x86_64-debian-clang | 1.2.1 | 18.69 | 109.61 | 128.30 | NOTE | |
r-devel-linux-x86_64-debian-gcc | 1.2.1 | 16.30 | 91.25 | 107.55 | NOTE | |
r-devel-linux-x86_64-fedora-clang | 1.2.1 | 215.01 | NOTE | |||
r-devel-linux-x86_64-fedora-gcc | 1.2.1 | 263.04 | NOTE | |||
r-devel-windows-x86_64 | 1.2.1 | 23.00 | 165.00 | 188.00 | NOTE | |
r-patched-linux-x86_64 | 1.2.1 | 22.79 | 119.47 | 142.26 | NOTE | |
r-release-linux-x86_64 | 1.2.1 | 21.03 | 123.50 | 144.53 | NOTE | |
r-release-macos-arm64 | 1.2.1 | 66.00 | NOTE | |||
r-release-macos-x86_64 | 1.2.1 | 130.00 | NOTE | |||
r-release-windows-x86_64 | 1.2.1 | 24.00 | 165.00 | 189.00 | NOTE | |
r-oldrel-macos-arm64 | 1.2.1 | 84.00 | OK | |||
r-oldrel-macos-x86_64 | 1.2.1 | 226.00 | OK | |||
r-oldrel-windows-x86_64 | 1.2.1 | 25.00 | 202.00 | 227.00 | OK |
Version: 1.2.1
Check: DESCRIPTION meta-information
Result: NOTE
Missing dependency on R >= 4.1.0 because package code uses the pipe
|> or function shorthand \(...) syntax added in R 4.1.0.
File(s) using such syntax:
‘print.rcpptimer.R’
Flavors: r-devel-linux-x86_64-debian-clang, r-devel-linux-x86_64-debian-gcc, r-devel-linux-x86_64-fedora-clang, r-devel-linux-x86_64-fedora-gcc, r-devel-windows-x86_64, r-patched-linux-x86_64, r-release-linux-x86_64, r-release-macos-arm64, r-release-macos-x86_64, r-release-windows-x86_64