Last updated on 2025-02-19 09:51:00 CET.
Flavor | Version | Tinstall | Tcheck | Ttotal | Status | Flags |
---|---|---|---|---|---|---|
r-devel-linux-x86_64-debian-clang | 3.8.1 | 8.24 | 100.97 | 109.21 | NOTE | |
r-devel-linux-x86_64-debian-gcc | 3.8.1 | 5.69 | 76.67 | 82.36 | NOTE | |
r-devel-linux-x86_64-fedora-clang | 3.8.1 | 177.96 | OK | |||
r-devel-linux-x86_64-fedora-gcc | 3.8.1 | 183.87 | OK | |||
r-devel-macos-arm64 | 3.8.1 | 57.00 | OK | |||
r-devel-macos-x86_64 | 3.8.1 | 131.00 | OK | |||
r-devel-windows-x86_64 | 3.8.1 | 9.00 | 127.00 | 136.00 | NOTE | |
r-patched-linux-x86_64 | 3.8.1 | 9.88 | 98.23 | 108.11 | OK | |
r-release-linux-x86_64 | 3.8.1 | 6.10 | 97.56 | 103.66 | OK | |
r-release-macos-arm64 | 3.8.1 | 56.00 | OK | |||
r-release-macos-x86_64 | 3.8.1 | 118.00 | OK | |||
r-release-windows-x86_64 | 3.8.1 | 9.00 | 121.00 | 130.00 | OK | |
r-oldrel-macos-arm64 | 3.8.1 | 50.00 | OK | |||
r-oldrel-macos-x86_64 | 3.8.1 | 139.00 | OK | |||
r-oldrel-windows-x86_64 | 3.8.1 | 10.00 | 145.00 | 155.00 | OK |
Version: 3.8.1
Check: Rd cross-references
Result: NOTE
Found the following Rd file(s) with Rd \link{} targets missing package
anchors:
get.fingerprint.Rd: fingerprint-class, featvec-class
Please provide package anchors for all Rd \link{} targets not in the
package itself and the base packages.
Flavors: r-devel-linux-x86_64-debian-clang, r-devel-linux-x86_64-debian-gcc, r-devel-windows-x86_64