Last updated on 2025-04-15 09:52:29 CEST.
Flavor | Version | Tinstall | Tcheck | Ttotal | Status | Flags |
---|---|---|---|---|---|---|
r-devel-linux-x86_64-debian-clang | 0.2.0 | 467.85 | 166.22 | 634.07 | NOTE | |
r-devel-linux-x86_64-debian-gcc | 0.2.0 | 437.24 | 155.07 | 592.31 | NOTE | |
r-devel-linux-x86_64-fedora-clang | 0.2.0 | 954.14 | NOTE | |||
r-devel-linux-x86_64-fedora-gcc | 0.2.0 | 1310.26 | NOTE | |||
r-devel-windows-x86_64 | 0.2.0 | 484.00 | 212.00 | 696.00 | NOTE | |
r-patched-linux-x86_64 | 0.2.0 | 561.81 | 204.90 | 766.71 | NOTE | |
r-release-linux-x86_64 | 0.2.0 | 544.69 | 204.47 | 749.16 | NOTE | |
r-release-macos-arm64 | 0.2.0 | 245.00 | NOTE | |||
r-release-macos-x86_64 | 0.2.0 | 333.00 | NOTE | |||
r-release-windows-x86_64 | 0.2.0 | 474.00 | 215.00 | 689.00 | NOTE | |
r-oldrel-macos-arm64 | 0.2.0 | 137.00 | NOTE | |||
r-oldrel-macos-x86_64 | 0.2.0 | 152.00 | NOTE | |||
r-oldrel-windows-x86_64 | 0.2.0 | 555.00 | 271.00 | 826.00 | NOTE |
Version: 0.2.0
Check: Rd files
Result: NOTE
checkRd: (-1) mig_calculate_rc.Rd:28: Lost braces; missing escapes or markup?
28 | \item pre-working age: {a1, alpha1}
| ^
checkRd: (-1) mig_calculate_rc.Rd:29: Lost braces; missing escapes or markup?
29 | \item working age: {a2, alpha2, mu2, lambda2}
| ^
checkRd: (-1) mig_calculate_rc.Rd:30: Lost braces; missing escapes or markup?
30 | \item retirement: {a3, alpha3, mu3, lambda3}
| ^
checkRd: (-1) mig_calculate_rc.Rd:31: Lost braces; missing escapes or markup?
31 | \item post retirement: {a4, lambda4}
| ^
Flavors: r-devel-linux-x86_64-debian-clang, r-devel-linux-x86_64-debian-gcc, r-devel-linux-x86_64-fedora-clang, r-devel-linux-x86_64-fedora-gcc, r-devel-windows-x86_64, r-patched-linux-x86_64, r-release-linux-x86_64, r-release-macos-arm64, r-release-macos-x86_64, r-release-windows-x86_64, r-oldrel-macos-arm64, r-oldrel-macos-x86_64, r-oldrel-windows-x86_64
Version: 0.2.0
Check: dependencies in R code
Result: NOTE
Namespaces in Imports field not imported from:
‘RcppParallel’ ‘rstantools’ ‘shinythemes’
All declared Imports should be used.
Flavors: r-devel-linux-x86_64-fedora-clang, r-devel-linux-x86_64-fedora-gcc
Version: 0.2.0
Check: installed package size
Result: NOTE
installed size is 91.9Mb
sub-directories of 1Mb or more:
libs 91.2Mb
Flavors: r-oldrel-macos-arm64, r-oldrel-macos-x86_64, r-oldrel-windows-x86_64
Version: 0.2.0
Check: for GNU extensions in Makefiles
Result: NOTE
GNU make is a SystemRequirements.
Flavors: r-oldrel-macos-arm64, r-oldrel-macos-x86_64, r-oldrel-windows-x86_64