CRAN Package Check Results for Package ranktreeEnsemble

Last updated on 2025-04-16 09:53:08 CEST.

Flavor Version Tinstall Tcheck Ttotal Status Flags
r-devel-linux-x86_64-debian-clang 0.23 18.42 66.89 85.31 NOTE
r-devel-linux-x86_64-debian-gcc 0.23 12.45 48.93 61.38 NOTE
r-devel-linux-x86_64-fedora-clang 0.23 149.15 OK
r-devel-linux-x86_64-fedora-gcc 0.23 130.77 OK
r-devel-windows-x86_64 0.23 21.00 91.00 112.00 NOTE
r-patched-linux-x86_64 0.23 17.37 64.58 81.95 NOTE
r-release-linux-x86_64 0.23 17.67 64.41 82.08 NOTE
r-release-macos-arm64 0.23 40.00 OK
r-release-macos-x86_64 0.23 79.00 OK
r-release-windows-x86_64 0.23 21.00 89.00 110.00 NOTE
r-oldrel-macos-arm64 0.23 43.00 OK
r-oldrel-macos-x86_64 0.23 62.00 OK
r-oldrel-windows-x86_64 0.23 25.00 119.00 144.00 OK

Check Details

Version: 0.23
Check: Rd cross-references
Result: NOTE Found the following Rd file(s) with Rd \link{} targets missing package anchors: rboost.Rd: gbm.object, gbm.more, gbm.perf Please provide package anchors for all Rd \link{} targets not in the package itself and the base packages. Flavors: r-devel-linux-x86_64-debian-clang, r-devel-linux-x86_64-debian-gcc, r-devel-windows-x86_64, r-patched-linux-x86_64, r-release-linux-x86_64, r-release-windows-x86_64