Last updated on 2025-02-16 09:50:50 CET.
Flavor | Version | Tinstall | Tcheck | Ttotal | Status | Flags |
---|---|---|---|---|---|---|
r-devel-linux-x86_64-debian-clang | 1.3.3 | 168.26 | 32.19 | 200.45 | OK | |
r-devel-linux-x86_64-debian-gcc | 1.3.3 | 175.19 | 25.34 | 200.53 | OK | |
r-devel-linux-x86_64-fedora-clang | 1.3.3 | 316.83 | OK | |||
r-devel-linux-x86_64-fedora-gcc | 1.3.3 | 554.65 | OK | |||
r-devel-macos-arm64 | 1.3.3 | 95.00 | OK | |||
r-devel-macos-x86_64 | 1.3.3 | 141.00 | OK | |||
r-devel-windows-x86_64 | 1.3.3 | 224.00 | 91.00 | 315.00 | OK | |
r-patched-linux-x86_64 | 1.3.3 | 244.07 | 30.39 | 274.46 | OK | |
r-release-linux-x86_64 | 1.3.3 | 242.86 | 30.74 | 273.60 | OK | |
r-release-macos-arm64 | 1.3.3 | 97.00 | NOTE | |||
r-release-macos-x86_64 | 1.3.3 | 109.00 | NOTE | |||
r-release-windows-x86_64 | 1.3.3 | 223.00 | 103.00 | 326.00 | NOTE | |
r-oldrel-macos-arm64 | 1.3.3 | 106.00 | NOTE | |||
r-oldrel-macos-x86_64 | 1.3.3 | 128.00 | NOTE | |||
r-oldrel-windows-x86_64 | 1.3.3 | 253.00 | 130.00 | 383.00 | NOTE |
Version: 1.3.3
Check: installed package size
Result: NOTE
installed size is 45.8Mb
sub-directories of 1Mb or more:
libs 45.6Mb
Flavors: r-release-macos-arm64, r-release-macos-x86_64, r-release-windows-x86_64, r-oldrel-macos-arm64, r-oldrel-macos-x86_64, r-oldrel-windows-x86_64