Last updated on 2025-02-16 09:50:50 CET.
Flavor | Version | Tinstall | Tcheck | Ttotal | Status | Flags |
---|---|---|---|---|---|---|
r-devel-linux-x86_64-debian-clang | 1.2.1 | 47.47 | 122.99 | 170.46 | OK | |
r-devel-linux-x86_64-debian-gcc | 1.2.1 | 32.89 | 81.82 | 114.71 | OK | |
r-devel-linux-x86_64-fedora-clang | 1.2.1 | 312.20 | NOTE | |||
r-devel-linux-x86_64-fedora-gcc | 1.2.1 | 304.62 | NOTE | |||
r-devel-macos-arm64 | 1.2.1 | 69.00 | OK | |||
r-devel-macos-x86_64 | 1.2.1 | 125.00 | OK | |||
r-devel-windows-x86_64 | 1.2.1 | 53.00 | 141.00 | 194.00 | OK | |
r-patched-linux-x86_64 | 1.2.1 | 49.03 | 111.71 | 160.74 | OK | |
r-release-linux-x86_64 | 1.2.1 | 46.52 | 114.04 | 160.56 | OK | |
r-release-macos-arm64 | 1.2.1 | 65.00 | OK | |||
r-release-macos-x86_64 | 1.2.1 | 105.00 | OK | |||
r-release-windows-x86_64 | 1.2.1 | 54.00 | 133.00 | 187.00 | OK | |
r-oldrel-macos-arm64 | 1.2.1 | 86.00 | OK | |||
r-oldrel-macos-x86_64 | 1.2.1 | 131.00 | OK | |||
r-oldrel-windows-x86_64 | 1.2.1 | 65.00 | 199.00 | 264.00 | OK |
Version: 1.2.1
Check: dependencies in R code
Result: NOTE
Namespace in Imports field not imported from: ‘comat’
All declared Imports should be used.
Flavors: r-devel-linux-x86_64-fedora-clang, r-devel-linux-x86_64-fedora-gcc