Last updated on 2025-02-16 09:50:51 CET.
Flavor | Version | Tinstall | Tcheck | Ttotal | Status | Flags |
---|---|---|---|---|---|---|
r-devel-linux-x86_64-debian-clang | 0.3.2 | 9.73 | 60.57 | 70.30 | OK | |
r-devel-linux-x86_64-debian-gcc | 0.3.2 | 7.42 | 43.84 | 51.26 | OK | |
r-devel-linux-x86_64-fedora-clang | 0.3.2 | 111.72 | OK | |||
r-devel-linux-x86_64-fedora-gcc | 0.3.2 | 117.66 | OK | |||
r-devel-macos-arm64 | 0.3.2 | 32.00 | OK | |||
r-devel-macos-x86_64 | 0.3.2 | 69.00 | OK | |||
r-devel-windows-x86_64 | 0.3.2 | 11.00 | 90.00 | 101.00 | OK | |
r-patched-linux-x86_64 | 0.3.2 | 9.90 | 56.58 | 66.48 | NOTE | |
r-release-linux-x86_64 | 0.3.2 | 9.49 | 56.87 | 66.36 | NOTE | |
r-release-macos-arm64 | 0.3.2 | 28.00 | NOTE | |||
r-release-macos-x86_64 | 0.3.2 | 44.00 | NOTE | |||
r-release-windows-x86_64 | 0.3.2 | 12.00 | 86.00 | 98.00 | NOTE | |
r-oldrel-macos-arm64 | 0.3.2 | 35.00 | NOTE | |||
r-oldrel-macos-x86_64 | 0.3.2 | 48.00 | NOTE | |||
r-oldrel-windows-x86_64 | 0.3.2 | 14.00 | 118.00 | 132.00 | NOTE |
Version: 0.3.2
Check: LazyData
Result: NOTE
'LazyData' is specified without a 'data' directory
Flavors: r-patched-linux-x86_64, r-release-linux-x86_64, r-release-macos-arm64, r-release-macos-x86_64, r-release-windows-x86_64, r-oldrel-macos-arm64, r-oldrel-macos-x86_64, r-oldrel-windows-x86_64