Last updated on 2025-02-16 09:50:51 CET.
Flavor | Version | Tinstall | Tcheck | Ttotal | Status | Flags |
---|---|---|---|---|---|---|
r-devel-linux-x86_64-debian-clang | 1.4.0 | 42.72 | 61.04 | 103.76 | NOTE | |
r-devel-linux-x86_64-debian-gcc | 1.4.0 | 30.08 | 43.94 | 74.02 | NOTE | |
r-devel-linux-x86_64-fedora-clang | 1.4.0 | 187.43 | NOTE | |||
r-devel-linux-x86_64-fedora-gcc | 1.4.0 | 220.05 | NOTE | |||
r-devel-macos-arm64 | 1.4.0 | 66.00 | NOTE | |||
r-devel-macos-x86_64 | 1.4.0 | 114.00 | NOTE | |||
r-devel-windows-x86_64 | 1.4.0 | 49.00 | 96.00 | 145.00 | NOTE | |
r-patched-linux-x86_64 | 1.4.0 | 45.96 | 56.58 | 102.54 | NOTE | |
r-release-linux-x86_64 | 1.4.0 | 40.42 | 56.76 | 97.18 | NOTE | |
r-release-macos-arm64 | 1.4.0 | 44.00 | NOTE | |||
r-release-macos-x86_64 | 1.4.0 | 68.00 | NOTE | |||
r-release-windows-x86_64 | 1.4.0 | 51.00 | 95.00 | 146.00 | NOTE | |
r-oldrel-macos-arm64 | 1.4.0 | 77.00 | NOTE | |||
r-oldrel-macos-x86_64 | 1.4.0 | 118.00 | NOTE | |||
r-oldrel-windows-x86_64 | 1.4.0 | 61.00 | 132.00 | 193.00 | NOTE |
Version: 1.4.0
Check: C++ specification
Result: NOTE
Specified C++11: please drop specification unless essential
Flavors: r-devel-linux-x86_64-debian-clang, r-devel-linux-x86_64-debian-gcc, r-devel-linux-x86_64-fedora-clang, r-devel-linux-x86_64-fedora-gcc, r-devel-macos-arm64, r-devel-macos-x86_64, r-devel-windows-x86_64, r-patched-linux-x86_64, r-release-linux-x86_64, r-release-macos-arm64, r-release-macos-x86_64, r-release-windows-x86_64, r-oldrel-macos-arm64, r-oldrel-macos-x86_64, r-oldrel-windows-x86_64
Version: 1.4.0
Check: Rd files
Result: NOTE
checkRd: (-1) psel.Rd:83: Lost braces; missing escapes or markup?
83 | For example, a \code{top=1} preference selection on the tuples {(a=1, b=1), (a=1, b=2)}
| ^
Flavors: r-devel-linux-x86_64-debian-clang, r-devel-linux-x86_64-debian-gcc, r-devel-linux-x86_64-fedora-clang, r-devel-linux-x86_64-fedora-gcc, r-devel-macos-arm64, r-devel-macos-x86_64, r-devel-windows-x86_64, r-patched-linux-x86_64, r-release-linux-x86_64, r-release-macos-arm64, r-release-macos-x86_64, r-release-windows-x86_64
Version: 1.4.0
Check: Rd cross-references
Result: NOTE
Found the following Rd file(s) with Rd \link{} targets missing package
anchors:
plot_btg.Rd: igraph, igraph.plotting
psel.Rd: group_by
Please provide package anchors for all Rd \link{} targets not in the
package itself and the base packages.
Flavors: r-devel-linux-x86_64-debian-clang, r-devel-linux-x86_64-debian-gcc, r-devel-windows-x86_64
Version: 1.4.0
Check: for GNU extensions in Makefiles
Result: NOTE
GNU make is a SystemRequirements.
Flavors: r-patched-linux-x86_64, r-release-linux-x86_64, r-release-macos-arm64, r-release-macos-x86_64, r-release-windows-x86_64, r-oldrel-macos-arm64, r-oldrel-macos-x86_64, r-oldrel-windows-x86_64