Last updated on 2025-02-16 09:50:51 CET.
Flavor | Version | Tinstall | Tcheck | Ttotal | Status | Flags |
---|---|---|---|---|---|---|
r-devel-linux-x86_64-debian-clang | 0.2.3 | 3.54 | 44.96 | 48.50 | NOTE | |
r-devel-linux-x86_64-debian-gcc | 0.2.3 | 2.66 | 35.16 | 37.82 | NOTE | |
r-devel-linux-x86_64-fedora-clang | 0.2.3 | 79.82 | NOTE | |||
r-devel-linux-x86_64-fedora-gcc | 0.2.3 | 88.31 | NOTE | |||
r-devel-macos-arm64 | 0.2.3 | 69.00 | OK | |||
r-devel-macos-x86_64 | 0.2.3 | 84.00 | NOTE | |||
r-devel-windows-x86_64 | 0.2.3 | 5.00 | 83.00 | 88.00 | NOTE | |
r-patched-linux-x86_64 | 0.2.3 | 4.07 | 42.90 | 46.97 | OK | |
r-release-linux-x86_64 | 0.2.3 | 3.67 | 42.46 | 46.13 | OK | |
r-release-macos-arm64 | 0.2.3 | 59.00 | OK | |||
r-release-macos-x86_64 | 0.2.3 | 99.00 | OK | |||
r-release-windows-x86_64 | 0.2.3 | 6.00 | 100.00 | 106.00 | OK | |
r-oldrel-macos-arm64 | 0.2.3 | 57.00 | OK | |||
r-oldrel-macos-x86_64 | 0.2.3 | 99.00 | OK | |||
r-oldrel-windows-x86_64 | 0.2.3 | 7.00 | 80.00 | 87.00 | OK |
Version: 0.2.3
Check: DESCRIPTION meta-information
Result: NOTE
Missing dependency on R >= 4.1.0 because package code uses the pipe
|> or function shorthand \(...) syntax added in R 4.1.0.
File(s) using such syntax:
‘higher_order_metadata.R’
Flavors: r-devel-linux-x86_64-debian-clang, r-devel-linux-x86_64-debian-gcc, r-devel-linux-x86_64-fedora-clang, r-devel-linux-x86_64-fedora-gcc, r-devel-macos-x86_64, r-devel-windows-x86_64