Last updated on 2025-02-16 09:50:51 CET.
Flavor | Version | Tinstall | Tcheck | Ttotal | Status | Flags |
---|---|---|---|---|---|---|
r-devel-linux-x86_64-debian-clang | 1.15.4 | 128.73 | 74.40 | 203.13 | OK | |
r-devel-linux-x86_64-debian-gcc | 1.15.4 | 103.30 | 55.57 | 158.87 | OK | |
r-devel-linux-x86_64-fedora-clang | 1.15.4 | 389.58 | OK | |||
r-devel-linux-x86_64-fedora-gcc | 1.15.4 | 438.06 | OK | |||
r-devel-macos-arm64 | 1.15.4 | 93.00 | OK | |||
r-devel-macos-x86_64 | 1.15.4 | 121.00 | OK | |||
r-devel-windows-x86_64 | 1.15.4 | 112.00 | 185.00 | 297.00 | OK | |
r-patched-linux-x86_64 | 1.15.4 | 144.98 | 72.44 | 217.42 | OK | |
r-release-linux-x86_64 | 1.15.4 | 142.20 | 70.80 | 213.00 | OK | |
r-release-macos-arm64 | 1.15.4 | 126.00 | NOTE | |||
r-release-macos-x86_64 | 1.15.4 | 106.00 | NOTE | |||
r-release-windows-x86_64 | 1.15.4 | 115.00 | 189.00 | 304.00 | OK | |
r-oldrel-macos-arm64 | 1.15.4 | 102.00 | NOTE | |||
r-oldrel-macos-x86_64 | 1.15.4 | 152.00 | NOTE | |||
r-oldrel-windows-x86_64 | 1.15.4 | 117.00 | 229.00 | 346.00 | OK |
Version: 1.15.4
Check: installed package size
Result: NOTE
installed size is 11.9Mb
sub-directories of 1Mb or more:
libs 11.1Mb
Flavors: r-release-macos-arm64, r-release-macos-x86_64, r-oldrel-macos-arm64, r-oldrel-macos-x86_64