Last updated on 2025-02-19 09:51:00 CET.
Flavor | Version | Tinstall | Tcheck | Ttotal | Status | Flags |
---|---|---|---|---|---|---|
r-devel-linux-x86_64-debian-clang | 0.0.2 | 4.57 | 133.47 | 138.04 | OK | |
r-devel-linux-x86_64-debian-gcc | 0.0.2 | 2.53 | 80.32 | 82.85 | OK | |
r-devel-linux-x86_64-fedora-clang | 0.0.2 | 219.47 | OK | |||
r-devel-linux-x86_64-fedora-gcc | 0.0.2 | 217.23 | OK | |||
r-devel-macos-arm64 | 0.0.2 | 66.00 | OK | |||
r-devel-macos-x86_64 | 0.0.2 | 134.00 | OK | |||
r-devel-windows-x86_64 | 0.0.2 | 7.00 | 144.00 | 151.00 | OK | |
r-patched-linux-x86_64 | 0.0.2 | 4.48 | 129.14 | 133.62 | OK | |
r-release-linux-x86_64 | 0.0.2 | 4.20 | 127.20 | 131.40 | OK | |
r-release-macos-arm64 | 0.0.2 | 67.00 | NOTE | |||
r-release-macos-x86_64 | 0.0.2 | 131.00 | NOTE | |||
r-release-windows-x86_64 | 0.0.2 | 7.00 | 141.00 | 148.00 | NOTE | |
r-oldrel-macos-arm64 | 0.0.2 | 72.00 | NOTE | |||
r-oldrel-macos-x86_64 | 0.0.2 | 115.00 | NOTE | |||
r-oldrel-windows-x86_64 | 0.0.2 | 7.00 | 189.00 | 196.00 | NOTE |
Version: 0.0.2
Check: installed package size
Result: NOTE
installed size is 7.3Mb
sub-directories of 1Mb or more:
doc 5.3Mb
htmlwidgets 1.8Mb
Flavors: r-release-macos-arm64, r-release-macos-x86_64, r-release-windows-x86_64, r-oldrel-macos-arm64, r-oldrel-macos-x86_64, r-oldrel-windows-x86_64