Last updated on 2025-02-19 09:51:00 CET.
Flavor | Version | Tinstall | Tcheck | Ttotal | Status | Flags |
---|---|---|---|---|---|---|
r-devel-linux-x86_64-debian-clang | 1.0.2 | 11.86 | 122.98 | 134.84 | OK | |
r-devel-linux-x86_64-debian-gcc | 1.0.2 | 5.87 | 79.74 | 85.61 | OK | |
r-devel-linux-x86_64-fedora-clang | 1.0.2 | 204.55 | OK | |||
r-devel-linux-x86_64-fedora-gcc | 1.0.2 | 204.28 | OK | |||
r-devel-macos-arm64 | 1.0.2 | 65.00 | OK | |||
r-devel-macos-x86_64 | 1.0.2 | 124.00 | OK | |||
r-devel-windows-x86_64 | 1.0.2 | 11.00 | 125.00 | 136.00 | OK | |
r-patched-linux-x86_64 | 1.0.2 | 11.51 | 107.72 | 119.23 | NOTE | |
r-release-linux-x86_64 | 1.0.2 | 10.60 | 109.20 | 119.80 | NOTE | |
r-release-macos-arm64 | 1.0.2 | 58.00 | NOTE | |||
r-release-macos-x86_64 | 1.0.2 | 109.00 | NOTE | |||
r-release-windows-x86_64 | 1.0.2 | 12.00 | 123.00 | 135.00 | NOTE | |
r-oldrel-macos-arm64 | 1.0.2 | 61.00 | NOTE | |||
r-oldrel-macos-x86_64 | 1.0.2 | 155.00 | NOTE | |||
r-oldrel-windows-x86_64 | 1.0.2 | 15.00 | 165.00 | 180.00 | NOTE |
Version: 1.0.2
Check: package dependencies
Result: NOTE
Package suggested but not available for checking: ‘fastshp’
Flavors: r-patched-linux-x86_64, r-release-linux-x86_64, r-release-macos-arm64, r-release-macos-x86_64, r-release-windows-x86_64, r-oldrel-macos-arm64, r-oldrel-macos-x86_64, r-oldrel-windows-x86_64