Last updated on 2025-02-16 09:50:50 CET.
Flavor | Version | Tinstall | Tcheck | Ttotal | Status | Flags |
---|---|---|---|---|---|---|
r-devel-linux-x86_64-debian-clang | 0.2.0 | 6.69 | 94.07 | 100.76 | NOTE | |
r-devel-linux-x86_64-debian-gcc | 0.2.0 | 4.36 | 62.03 | 66.39 | NOTE | |
r-devel-linux-x86_64-fedora-clang | 0.2.0 | 161.70 | OK | |||
r-devel-linux-x86_64-fedora-gcc | 0.2.0 | 154.01 | OK | |||
r-devel-macos-arm64 | 0.2.0 | 48.00 | OK | |||
r-devel-macos-x86_64 | 0.2.0 | 83.00 | OK | |||
r-devel-windows-x86_64 | 0.2.0 | 9.00 | 151.00 | 160.00 | NOTE | |
r-patched-linux-x86_64 | 0.2.0 | 16.52 | 88.80 | 105.32 | OK | |
r-release-linux-x86_64 | 0.2.0 | 5.90 | 87.99 | 93.89 | OK | |
r-release-macos-arm64 | 0.2.0 | 44.00 | OK | |||
r-release-macos-x86_64 | 0.2.0 | 67.00 | OK | |||
r-release-windows-x86_64 | 0.2.0 | 9.00 | 155.00 | 164.00 | OK | |
r-oldrel-macos-arm64 | 0.2.0 | 41.00 | OK | |||
r-oldrel-macos-x86_64 | 0.2.0 | 58.00 | OK | |||
r-oldrel-windows-x86_64 | 0.2.0 | 11.00 | 164.00 | 175.00 | OK |
Version: 0.2.0
Check: Rd cross-references
Result: NOTE
Found the following Rd file(s) with Rd \link{} targets missing package
anchors:
quest-package.Rd: str2str
ucfa.Rd: lavaan-class
Please provide package anchors for all Rd \link{} targets not in the
package itself and the base packages.
Flavors: r-devel-linux-x86_64-debian-clang, r-devel-linux-x86_64-debian-gcc, r-devel-windows-x86_64