Last updated on 2025-02-16 09:50:50 CET.
Flavor | Version | Tinstall | Tcheck | Ttotal | Status | Flags |
---|---|---|---|---|---|---|
r-devel-linux-x86_64-debian-clang | 0.1.14 | 81.03 | 284.35 | 365.38 | NOTE | |
r-devel-linux-x86_64-debian-gcc | 0.1.14 | 61.48 | 173.37 | 234.85 | NOTE | |
r-devel-linux-x86_64-fedora-clang | 0.1.14 | 619.11 | NOTE | |||
r-devel-linux-x86_64-fedora-gcc | 0.1.14 | 618.25 | NOTE | |||
r-devel-macos-arm64 | 0.1.14 | 136.00 | NOTE | |||
r-devel-macos-x86_64 | 0.1.14 | 278.00 | NOTE | |||
r-devel-windows-x86_64 | 0.1.14 | 84.00 | 262.00 | 346.00 | NOTE | |
r-patched-linux-x86_64 | 0.1.14 | 81.12 | 266.46 | 347.58 | NOTE | |
r-release-linux-x86_64 | 0.1.14 | 80.09 | 265.20 | 345.29 | NOTE | |
r-release-macos-arm64 | 0.1.14 | 139.00 | NOTE | |||
r-release-macos-x86_64 | 0.1.14 | 204.00 | NOTE | |||
r-release-windows-x86_64 | 0.1.14 | 84.00 | 261.00 | 345.00 | NOTE | |
r-oldrel-macos-arm64 | 0.1.14 | 157.00 | NOTE | |||
r-oldrel-macos-x86_64 | 0.1.14 | 368.00 | NOTE | |||
r-oldrel-windows-x86_64 | 0.1.14 | 90.00 | 359.00 | 449.00 | OK |
Version: 0.1.14
Check: Rd files
Result: NOTE
checkRd: (-1) find_lcp.Rd:60: Lost braces in \itemize; \value handles \item{}{} directly
checkRd: (-1) find_lcp.Rd:61: Lost braces in \itemize; \value handles \item{}{} directly
checkRd: (-1) find_lcp.Rd:62: Lost braces in \itemize; \value handles \item{}{} directly
checkRd: (-1) find_lcp.Rd:63-65: Lost braces in \itemize; \value handles \item{}{} directly
checkRd: (-1) find_lcp.Rd:66: Lost braces in \itemize; \value handles \item{}{} directly
checkRd: (-1) find_lcp.Rd:67: Lost braces in \itemize; \value handles \item{}{} directly
checkRd: (-1) summarize_lcps.Rd:17: Lost braces in \itemize; \value handles \item{}{} directly
checkRd: (-1) summarize_lcps.Rd:18-19: Lost braces in \itemize; \value handles \item{}{} directly
checkRd: (-1) summarize_lcps.Rd:20: Lost braces in \itemize; \value handles \item{}{} directly
checkRd: (-1) summarize_lcps.Rd:21: Lost braces in \itemize; \value handles \item{}{} directly
checkRd: (-1) summarize_lcps.Rd:22: Lost braces in \itemize; \value handles \item{}{} directly
checkRd: (-1) summarize_lcps.Rd:23-25: Lost braces in \itemize; \value handles \item{}{} directly
Flavors: r-devel-linux-x86_64-debian-clang, r-devel-linux-x86_64-debian-gcc, r-devel-linux-x86_64-fedora-clang, r-devel-linux-x86_64-fedora-gcc, r-devel-macos-arm64, r-devel-macos-x86_64, r-devel-windows-x86_64, r-patched-linux-x86_64, r-release-linux-x86_64, r-release-macos-arm64, r-release-macos-x86_64, r-release-windows-x86_64
Version: 0.1.14
Check: installed package size
Result: NOTE
installed size is 10.9Mb
sub-directories of 1Mb or more:
doc 1.7Mb
libs 8.3Mb
Flavors: r-release-macos-arm64, r-release-macos-x86_64, r-oldrel-macos-arm64, r-oldrel-macos-x86_64