Last updated on 2025-02-16 09:50:50 CET.
Flavor | Version | Tinstall | Tcheck | Ttotal | Status | Flags |
---|---|---|---|---|---|---|
r-devel-linux-x86_64-debian-clang | 0.2-12 | 85.26 | 137.06 | 222.32 | OK | |
r-devel-linux-x86_64-debian-gcc | 0.2-12 | 67.76 | 100.59 | 168.35 | OK | |
r-devel-linux-x86_64-fedora-clang | 0.2-12 | 393.81 | OK | |||
r-devel-linux-x86_64-fedora-gcc | 0.2-12 | 414.87 | OK | |||
r-devel-macos-arm64 | 0.2-12 | 96.00 | OK | |||
r-devel-macos-x86_64 | 0.2-12 | 190.00 | OK | |||
r-devel-windows-x86_64 | 0.2-12 | 95.00 | 183.00 | 278.00 | OK | |
r-patched-linux-x86_64 | 0.2-12 | 92.99 | 135.83 | 228.82 | OK | |
r-release-linux-x86_64 | 0.2-12 | 90.22 | 129.81 | 220.03 | OK | |
r-release-macos-arm64 | 0.2-12 | 114.00 | NOTE | |||
r-release-macos-x86_64 | 0.2-12 | 205.00 | NOTE | |||
r-release-windows-x86_64 | 0.2-12 | 91.00 | 180.00 | 271.00 | OK | |
r-oldrel-macos-arm64 | 0.2-12 | 108.00 | NOTE | |||
r-oldrel-macos-x86_64 | 0.2-12 | 215.00 | NOTE | |||
r-oldrel-windows-x86_64 | 0.2-12 | 114.00 | 192.00 | 306.00 | OK |
Version: 0.2-12
Check: installed package size
Result: NOTE
installed size is 7.9Mb
sub-directories of 1Mb or more:
libs 7.4Mb
Flavors: r-release-macos-arm64, r-release-macos-x86_64, r-oldrel-macos-arm64, r-oldrel-macos-x86_64