Last updated on 2025-10-07 09:49:56 CEST.
Flavor | Version | Tinstall | Tcheck | Ttotal | Status | Flags |
---|---|---|---|---|---|---|
r-devel-linux-x86_64-debian-clang | 0.38 | 487.24 | 210.49 | 697.73 | OK | |
r-devel-linux-x86_64-debian-gcc | 0.38 | 354.78 | 143.06 | 497.84 | OK | |
r-devel-linux-x86_64-fedora-clang | 0.38 | 1319.40 | OK | |||
r-devel-linux-x86_64-fedora-gcc | 0.38 | 1321.80 | OK | |||
r-devel-windows-x86_64 | 0.38 | 582.00 | 275.00 | 857.00 | OK | |
r-patched-linux-x86_64 | 0.38 | 524.16 | 207.48 | 731.64 | OK | |
r-release-linux-x86_64 | 0.38 | 523.95 | 209.66 | 733.61 | OK | |
r-release-macos-arm64 | 0.38 | 271.00 | OK | |||
r-release-macos-x86_64 | 0.38 | 335.00 | OK | |||
r-release-windows-x86_64 | 0.38 | 586.00 | 274.00 | 860.00 | OK | |
r-oldrel-macos-arm64 | 0.38 | 256.00 | NOTE | |||
r-oldrel-macos-x86_64 | 0.38 | 329.00 | NOTE | |||
r-oldrel-windows-x86_64 | 0.38 | 693.00 | 340.00 | 1033.00 | NOTE |
Version: 0.38
Check: installed package size
Result: NOTE
installed size is 48.4Mb
sub-directories of 1Mb or more:
extdata 3.3Mb
libs 43.7Mb
Flavors: r-oldrel-macos-arm64, r-oldrel-macos-x86_64, r-oldrel-windows-x86_64