Last updated on 2025-02-19 09:51:00 CET.
Flavor | Version | Tinstall | Tcheck | Ttotal | Status | Flags |
---|---|---|---|---|---|---|
r-devel-linux-x86_64-debian-clang | 0.36 | 490.79 | 204.45 | 695.24 | OK | |
r-devel-linux-x86_64-debian-gcc | 0.36 | 374.81 | 138.56 | 513.37 | OK | |
r-devel-linux-x86_64-fedora-clang | 0.36 | 1367.50 | OK | |||
r-devel-linux-x86_64-fedora-gcc | 0.36 | 1340.52 | OK | |||
r-devel-macos-arm64 | 0.36 | 271.00 | OK | |||
r-devel-macos-x86_64 | 0.36 | 338.00 | OK | |||
r-devel-windows-x86_64 | 0.36 | 526.00 | 268.00 | 794.00 | OK | |
r-patched-linux-x86_64 | 0.36 | 523.81 | 202.50 | 726.31 | OK | |
r-release-linux-x86_64 | 0.36 | 525.67 | 198.88 | 724.55 | OK | |
r-release-macos-arm64 | 0.36 | 295.00 | NOTE | |||
r-release-macos-x86_64 | 0.36 | 277.00 | NOTE | |||
r-release-windows-x86_64 | 0.36 | 530.00 | 263.00 | 793.00 | NOTE | |
r-oldrel-macos-arm64 | 0.36 | 290.00 | NOTE | |||
r-oldrel-macos-x86_64 | 0.36 | 323.00 | NOTE | |||
r-oldrel-windows-x86_64 | 0.36 | 640.00 | 309.00 | 949.00 | NOTE |
Version: 0.36
Check: installed package size
Result: NOTE
installed size is 44.5Mb
sub-directories of 1Mb or more:
extdata 3.3Mb
libs 39.9Mb
Flavors: r-release-macos-arm64, r-release-macos-x86_64, r-release-windows-x86_64, r-oldrel-macos-arm64, r-oldrel-macos-x86_64, r-oldrel-windows-x86_64