Last updated on 2025-02-16 09:50:50 CET.
Flavor | Version | Tinstall | Tcheck | Ttotal | Status | Flags |
---|---|---|---|---|---|---|
r-devel-linux-x86_64-debian-clang | 1.70 | 72.34 | 319.15 | 391.49 | OK | |
r-devel-linux-x86_64-debian-gcc | 1.70 | 51.32 | 204.57 | 255.89 | OK | |
r-devel-linux-x86_64-fedora-clang | 1.70 | 640.61 | OK | |||
r-devel-linux-x86_64-fedora-gcc | 1.70 | 633.98 | OK | |||
r-devel-macos-arm64 | 1.70 | 158.00 | OK | |||
r-devel-macos-x86_64 | 1.70 | 327.00 | OK | |||
r-devel-windows-x86_64 | 1.70 | 95.00 | 371.00 | 466.00 | OK | |
r-patched-linux-x86_64 | 1.70 | 75.82 | 303.82 | 379.64 | OK | |
r-release-linux-x86_64 | 1.70 | 68.59 | 297.77 | 366.36 | OK | |
r-release-macos-arm64 | 1.70 | 153.00 | NOTE | |||
r-release-macos-x86_64 | 1.70 | 599.00 | NOTE | |||
r-release-windows-x86_64 | 1.70 | 96.00 | 368.00 | 464.00 | NOTE | |
r-oldrel-macos-arm64 | 1.70 | 170.00 | NOTE | |||
r-oldrel-macos-x86_64 | 1.70 | 417.00 | NOTE | |||
r-oldrel-windows-x86_64 | 1.70 | 103.00 | 406.00 | 509.00 | NOTE |
Version: 1.70
Check: installed package size
Result: NOTE
installed size is 11.5Mb
sub-directories of 1Mb or more:
R 2.1Mb
contrib 3.7Mb
doc 3.0Mb
libs 1.3Mb
Flavors: r-release-macos-arm64, r-release-macos-x86_64, r-release-windows-x86_64, r-oldrel-macos-arm64, r-oldrel-macos-x86_64, r-oldrel-windows-x86_64