Last updated on 2025-02-19 09:51:00 CET.
Flavor | Version | Tinstall | Tcheck | Ttotal | Status | Flags |
---|---|---|---|---|---|---|
r-devel-linux-x86_64-debian-clang | 0.0.14 | 131.70 | 23.96 | 155.66 | OK | |
r-devel-linux-x86_64-debian-gcc | 0.0.14 | 90.18 | 19.36 | 109.54 | OK | |
r-devel-linux-x86_64-fedora-clang | 0.0.14 | 368.88 | OK | |||
r-devel-linux-x86_64-fedora-gcc | 0.0.14 | 286.01 | OK | |||
r-devel-macos-arm64 | 0.0.14 | 60.00 | OK | |||
r-devel-macos-x86_64 | 0.0.14 | 62.00 | OK | |||
r-devel-windows-x86_64 | 0.0.14 | 151.00 | 76.00 | 227.00 | OK | |
r-patched-linux-x86_64 | 0.0.14 | 128.20 | 23.22 | 151.42 | OK | |
r-release-linux-x86_64 | 0.0.14 | 128.13 | 22.72 | 150.85 | OK | |
r-release-macos-arm64 | 0.0.14 | 64.00 | NOTE | |||
r-release-macos-x86_64 | 0.0.14 | 99.00 | NOTE | |||
r-release-windows-x86_64 | 0.0.14 | 154.00 | 67.00 | 221.00 | OK | |
r-oldrel-macos-arm64 | 0.0.13 | 60.00 | NOTE | |||
r-oldrel-macos-x86_64 | 0.0.14 | 88.00 | NOTE | |||
r-oldrel-windows-x86_64 | 0.0.14 | 151.00 | 77.00 | 228.00 | OK |
Version: 0.0.14
Check: installed package size
Result: NOTE
installed size is 7.7Mb
sub-directories of 1Mb or more:
libs 7.6Mb
Flavors: r-release-macos-arm64, r-release-macos-x86_64, r-oldrel-macos-x86_64
Version: 0.0.13
Check: installed package size
Result: NOTE
installed size is 7.7Mb
sub-directories of 1Mb or more:
libs 7.5Mb
Flavor: r-oldrel-macos-arm64