Last updated on 2025-02-19 09:51:00 CET.
Flavor | Version | Tinstall | Tcheck | Ttotal | Status | Flags |
---|---|---|---|---|---|---|
r-devel-linux-x86_64-debian-clang | 0.1.8 | 10.46 | 27.86 | 38.32 | OK | |
r-devel-linux-x86_64-debian-gcc | 0.1.8 | 7.87 | 22.15 | 30.02 | OK | |
r-devel-linux-x86_64-fedora-clang | 0.1.8 | 67.69 | OK | |||
r-devel-linux-x86_64-fedora-gcc | 0.1.8 | 62.44 | OK | |||
r-devel-macos-arm64 | 0.1.8 | 25.00 | OK | |||
r-devel-macos-x86_64 | 0.1.8 | 42.00 | OK | |||
r-devel-windows-x86_64 | 0.1.8 | 12.00 | 69.00 | 81.00 | OK | |
r-patched-linux-x86_64 | 0.1.8 | 10.20 | 26.74 | 36.94 | NOTE | |
r-release-linux-x86_64 | 0.1.8 | 10.08 | 26.25 | 36.33 | NOTE | |
r-release-macos-arm64 | 0.1.8 | 24.00 | NOTE | |||
r-release-macos-x86_64 | 0.1.8 | 33.00 | NOTE | |||
r-release-windows-x86_64 | 0.1.8 | 14.00 | 62.00 | 76.00 | NOTE | |
r-oldrel-macos-arm64 | 0.1.8 | 30.00 | NOTE | |||
r-oldrel-macos-x86_64 | 0.1.8 | 39.00 | NOTE | |||
r-oldrel-windows-x86_64 | 0.1.8 | 14.00 | 71.00 | 85.00 | NOTE |
Version: 0.1.8
Check: LazyData
Result: NOTE
'LazyData' is specified without a 'data' directory
Flavors: r-patched-linux-x86_64, r-release-linux-x86_64, r-release-macos-arm64, r-release-macos-x86_64, r-release-windows-x86_64, r-oldrel-macos-arm64, r-oldrel-macos-x86_64, r-oldrel-windows-x86_64