Last updated on 2025-02-16 09:50:49 CET.
Flavor | Version | Tinstall | Tcheck | Ttotal | Status | Flags |
---|---|---|---|---|---|---|
r-devel-linux-x86_64-debian-clang | 0.3.0 | 1.85 | 24.25 | 26.10 | OK | |
r-devel-linux-x86_64-debian-gcc | 0.3.0 | 1.63 | 19.50 | 21.13 | OK | |
r-devel-linux-x86_64-fedora-clang | 0.3.0 | 44.19 | OK | |||
r-devel-linux-x86_64-fedora-gcc | 0.3.0 | 54.53 | OK | |||
r-devel-macos-arm64 | 0.3.0 | 26.00 | OK | |||
r-devel-macos-x86_64 | 0.3.0 | 42.00 | OK | |||
r-devel-windows-x86_64 | 0.3.0 | 4.00 | 46.00 | 50.00 | OK | |
r-patched-linux-x86_64 | 0.3.0 | 2.06 | 23.21 | 25.27 | NOTE | |
r-release-linux-x86_64 | 0.3.0 | 1.96 | 23.33 | 25.29 | NOTE | |
r-release-macos-arm64 | 0.3.0 | 25.00 | NOTE | |||
r-release-macos-x86_64 | 0.3.0 | 33.00 | NOTE | |||
r-release-windows-x86_64 | 0.3.0 | 3.00 | 47.00 | 50.00 | NOTE | |
r-oldrel-macos-arm64 | 0.3.0 | 37.00 | NOTE | |||
r-oldrel-macos-x86_64 | 0.3.0 | 33.00 | NOTE | |||
r-oldrel-windows-x86_64 | 0.3.0 | 4.00 | 76.00 | 80.00 | NOTE |
Version: 0.3.0
Check: LazyData
Result: NOTE
'LazyData' is specified without a 'data' directory
Flavors: r-patched-linux-x86_64, r-release-linux-x86_64, r-release-macos-arm64, r-release-macos-x86_64, r-release-windows-x86_64, r-oldrel-macos-arm64, r-oldrel-macos-x86_64, r-oldrel-windows-x86_64