CRAN Package Check Results for Package pwrAB

Last updated on 2025-02-19 09:50:59 CET.

Flavor Version Tinstall Tcheck Ttotal Status Flags
r-devel-linux-x86_64-debian-clang 0.1.0 1.85 21.66 23.51 OK
r-devel-linux-x86_64-debian-gcc 0.1.0 1.35 16.24 17.59 OK
r-devel-linux-x86_64-fedora-clang 0.1.0 37.56 OK
r-devel-linux-x86_64-fedora-gcc 0.1.0 35.81 OK
r-devel-macos-arm64 0.1.0 17.00 OK
r-devel-macos-x86_64 0.1.0 35.00 OK
r-devel-windows-x86_64 0.1.0 3.00 43.00 46.00 OK
r-patched-linux-x86_64 0.1.0 1.79 20.44 22.23 NOTE
r-release-linux-x86_64 0.1.0 1.58 20.16 21.74 NOTE
r-release-macos-arm64 0.1.0 17.00 NOTE
r-release-macos-x86_64 0.1.0 24.00 NOTE
r-release-windows-x86_64 0.1.0 2.00 42.00 44.00 NOTE
r-oldrel-macos-arm64 0.1.0 16.00 NOTE
r-oldrel-macos-x86_64 0.1.0 23.00 NOTE
r-oldrel-windows-x86_64 0.1.0 3.00 43.00 46.00 NOTE

Check Details

Version: 0.1.0
Check: LazyData
Result: NOTE 'LazyData' is specified without a 'data' directory Flavors: r-patched-linux-x86_64, r-release-linux-x86_64, r-release-macos-arm64, r-release-macos-x86_64, r-release-windows-x86_64, r-oldrel-macos-arm64, r-oldrel-macos-x86_64, r-oldrel-windows-x86_64